{"id":18529,"date":"2022-09-02T23:48:08","date_gmt":"2022-09-02T22:48:08","guid":{"rendered":"https:\/\/cecit.es\/?page_id=18529"},"modified":"2022-09-02T23:49:32","modified_gmt":"2022-09-02T22:49:32","slug":"couverture-de-lannuaire","status":"publish","type":"page","link":"https:\/\/cecit.es\/fr\/couverture-de-lannuaire\/","title":{"rendered":"Couverture de l&#8217;annuaire"},"content":{"rendered":"<div class=\"wpb-content-wrapper\"><p>[vc_row full_width=&#8221;stretch_row&#8221; disable_element=&#8221;yes&#8221; css=&#8221;.vc_custom_1592214931350{background-color: #c31038 !important;}&#8221;][vc_column][vc_custom_heading text=&#8221;\u00bfQUI\u00c9NES SOMOS?&#8221; font_container=&#8221;tag:h2|text_align:center|color:%23ffffff&#8221; use_theme_fonts=&#8221;yes&#8221; css=&#8221;.vc_custom_1612169301400{margin-top: 20px !important;margin-bottom: 50px !important;}&#8221;][\/vc_column][\/vc_row][vc_row full_width=&#8221;stretch_row&#8221; css=&#8221;.vc_custom_1592214941205{margin-top: 40px !important;}&#8221;][vc_column width=&#8221;1\/6&#8243;][\/vc_column][vc_column width=&#8221;2\/3&#8243;][vc_column_text]<\/p>\n<p class=\"p1\"><strong>Cher Membre,<\/strong><\/p>\n<p class=\"p1\">La Chambre Officielle de Commerce d\u2019Espagne \u00e0 Tanger a le plaisir de vous informer de la pr\u00e9paration du prochain num\u00e9ro de son Annuaire &#8211; Guide des Membres 2022\/2023.<\/p>\n<p class=\"p1\">Il s\u2019agit d\u2019une plateforme con\u00e7ue pour mettre en valeur et pr\u00e9senter le savoir-faire, comp\u00e9tences et produits des adh\u00e9rents de notre Institution et qui contient\u00a0nos principaux services, le r\u00e9seau de contacts de nos membres class\u00e9 par ordre alphab\u00e9tique et par secteur d\u2019activit\u00e9, les adresses utiles, etc.<\/p>\n<p class=\"p1\">Cette publication sera \u00e9dit\u00e9e en 5.000 Exemplaires et distribu\u00e9e \u00e0 tous nos membres, aux soci\u00e9t\u00e9s et Institutions (Chambres de Commerce, Associations, Consulats\u2026etc.) ainsi qu\u2019\u00e0 tous les participants aux diff\u00e9rentes activit\u00e9s que nous r\u00e9alisons (Missions Commerciales, Rencontres Sectorielles, Voyages de Prospection \u2026etc.) aussi bien au Maroc qu\u2019en Espagne.<\/p>\n<p class=\"p1\">Aussi, notre Annuaire sera diffus\u00e9 en \u00ab\u00a0Version Digitale\u00a0\u00bb, et actualis\u00e9 p\u00e9riodiquement facilitant un acc\u00e8s plus rapide et une recherche plus efficiente.<\/p>\n<p class=\"p1\">Si vous souhaitez y ins\u00e9rer votre publicit\u00e9 et donner ainsi plus de visibilit\u00e9 \u00e0 votre entreprise, veuillez-nous la faire parvenir au plus vite, tout en tenant en compte que le nombre d\u2019espaces disponible est limit\u00e9. Vous trouverez tous les d\u00e9tails n\u00e9cessaires en cliquant sur le bouton ci-dessous.<\/p>\n<p class=\"p1\">Dans le cadre des avantages r\u00e9serv\u00e9s aux adh\u00e9rents de la CECIT, nous vous rappelons que les Membres Sponsors Pr\u00e9mium b\u00e9n\u00e9ficient GRATUITEMENT d\u2019une page int\u00e9rieure couleur.<\/p>\n<p>[\/vc_column_text][vc_separator][vc_btn title=&#8221;Voir PDF&#8221; i_icon_fontawesome=&#8221;fas fa-file-pdf&#8221; add_icon=&#8221;true&#8221; link=&#8221;url:https%3A%2F%2Fcecit.es%2Fwp-content%2Fuploads%2F2022%2F07%2Fprix-publicitaires-vf.pdf|target:_blank&#8221;][vc_single_image image=&#8221;18524&#8243; img_size=&#8221;Full&#8221; alignment=&#8221;center&#8221; onclick=&#8221;custom_link&#8221; img_link_target=&#8221;_blank&#8221; link=&#8221;https:\/\/cecit.es\/wp-content\/uploads\/2022\/07\/prix-publicitaires-vf.pdf&#8221;][\/vc_column][vc_column width=&#8221;1\/6&#8243;][\/vc_column][\/vc_row]<\/p>\n<\/div>","protected":false},"excerpt":{"rendered":"<p>[vc_row full_width=&#8221;stretch_row&#8221; disable_element=&#8221;yes&#8221; css=&#8221;.vc_custom_1592214931350{background-color: #c31038 !important;}&#8221;][vc_column][vc_custom_heading text=&#8221;\u00bfQUI\u00c9NES SOMOS?&#8221; font_container=&#8221;tag:h2|text_align:center|color:%23ffffff&#8221; use_theme_fonts=&#8221;yes&#8221; css=&#8221;.vc_custom_1612169301400{margin-top: 20px !important;margin-bottom: 50px !important;}&#8221;][\/vc_column][\/vc_row][vc_row full_width=&#8221;stretch_row&#8221; css=&#8221;.vc_custom_1592214941205{margin-top: 40px !important;}&#8221;][vc_column width=&#8221;1\/6&#8243;][\/vc_column][vc_column width=&#8221;2\/3&#8243;][vc_column_text] Cher Membre, La Chambre Officielle<span class=\"excerpt-hellip\"> [\u2026]<\/span><\/p>\n","protected":false},"author":3425,"featured_media":0,"parent":0,"menu_order":0,"comment_status":"closed","ping_status":"closed","template":"","meta":{"footnotes":""},"class_list":["post-18529","page","type-page","status-publish","hentry"],"yoast_head":"<!-- This site is optimized with the Yoast SEO plugin v26.2 - https:\/\/yoast.com\/wordpress\/plugins\/seo\/ -->\n<title>Couverture de l&#039;annuaire - CECIT<\/title>\n<meta name=\"robots\" content=\"index, follow, max-snippet:-1, max-image-preview:large, max-video-preview:-1\" \/>\n<link rel=\"canonical\" href=\"https:\/\/cecit.es\/fr\/couverture-de-lannuaire\/\" \/>\n<meta property=\"og:locale\" content=\"fr_FR\" \/>\n<meta property=\"og:type\" content=\"article\" \/>\n<meta property=\"og:title\" content=\"Couverture de l&#039;annuaire - CECIT\" \/>\n<meta property=\"og:description\" content=\"[vc_row full_width=&#8221;stretch_row&#8221; disable_element=&#8221;yes&#8221; css=&#8221;.vc_custom_1592214931350{background-color: #c31038 !important;}&#8221;][vc_column][vc_custom_heading text=&#8221;\u00bfQUI\u00c9NES SOMOS?&#8221; font_container=&#8221;tag:h2|text_align:center|color:%23ffffff&#8221; use_theme_fonts=&#8221;yes&#8221; css=&#8221;.vc_custom_1612169301400{margin-top: 20px !important;margin-bottom: 50px !important;}&#8221;][\/vc_column][\/vc_row][vc_row full_width=&#8221;stretch_row&#8221; css=&#8221;.vc_custom_1592214941205{margin-top: 40px !important;}&#8221;][vc_column width=&#8221;1\/6&#8243;][\/vc_column][vc_column width=&#8221;2\/3&#8243;][vc_column_text] Cher Membre, La Chambre Officielle [\u2026]\" \/>\n<meta property=\"og:url\" content=\"https:\/\/cecit.es\/fr\/couverture-de-lannuaire\/\" \/>\n<meta property=\"og:site_name\" content=\"CECIT\" \/>\n<meta property=\"article:publisher\" content=\"https:\/\/www.facebook.com\/camaratanger\/\" \/>\n<meta property=\"article:modified_time\" content=\"2022-09-02T22:49:32+00:00\" \/>\n<meta name=\"twitter:card\" content=\"summary_large_image\" \/>\n<meta name=\"twitter:label1\" content=\"Dur\u00e9e de lecture estim\u00e9e\" \/>\n\t<meta name=\"twitter:data1\" content=\"2 minutes\" \/>\n<script type=\"application\/ld+json\" class=\"yoast-schema-graph\">{\"@context\":\"https:\/\/schema.org\",\"@graph\":[{\"@type\":\"WebPage\",\"@id\":\"https:\/\/cecit.es\/fr\/couverture-de-lannuaire\/\",\"url\":\"https:\/\/cecit.es\/fr\/couverture-de-lannuaire\/\",\"name\":\"Couverture de l'annuaire - CECIT\",\"isPartOf\":{\"@id\":\"https:\/\/cecit.es\/fr\/#website\"},\"datePublished\":\"2022-09-02T22:48:08+00:00\",\"dateModified\":\"2022-09-02T22:49:32+00:00\",\"breadcrumb\":{\"@id\":\"https:\/\/cecit.es\/fr\/couverture-de-lannuaire\/#breadcrumb\"},\"inLanguage\":\"fr-FR\",\"potentialAction\":[{\"@type\":\"ReadAction\",\"target\":[\"https:\/\/cecit.es\/fr\/couverture-de-lannuaire\/\"]}]},{\"@type\":\"BreadcrumbList\",\"@id\":\"https:\/\/cecit.es\/fr\/couverture-de-lannuaire\/#breadcrumb\",\"itemListElement\":[{\"@type\":\"ListItem\",\"position\":1,\"name\":\"Portada\",\"item\":\"https:\/\/cecit.es\/fr\/\"},{\"@type\":\"ListItem\",\"position\":2,\"name\":\"Couverture de l&#8217;annuaire\"}]},{\"@type\":\"WebSite\",\"@id\":\"https:\/\/cecit.es\/fr\/#website\",\"url\":\"https:\/\/cecit.es\/fr\/\",\"name\":\"CECIT\",\"description\":\"Chambre de commerce officielle d&#039;Espagne \u00e0 Tanger\",\"publisher\":{\"@id\":\"https:\/\/cecit.es\/fr\/#organization\"},\"potentialAction\":[{\"@type\":\"SearchAction\",\"target\":{\"@type\":\"EntryPoint\",\"urlTemplate\":\"https:\/\/cecit.es\/fr\/?s={search_term_string}\"},\"query-input\":{\"@type\":\"PropertyValueSpecification\",\"valueRequired\":true,\"valueName\":\"search_term_string\"}}],\"inLanguage\":\"fr-FR\"},{\"@type\":\"Organization\",\"@id\":\"https:\/\/cecit.es\/fr\/#organization\",\"name\":\"C\u00e1mara Oficial de Comercio de Espa\u00f1a en T\u00e1nger\",\"url\":\"https:\/\/cecit.es\/fr\/\",\"logo\":{\"@type\":\"ImageObject\",\"inLanguage\":\"fr-FR\",\"@id\":\"https:\/\/cecit.es\/fr\/#\/schema\/logo\/image\/\",\"url\":\"https:\/\/cecit.es\/wp-content\/uploads\/2021\/11\/cecit.png\",\"contentUrl\":\"https:\/\/cecit.es\/wp-content\/uploads\/2021\/11\/cecit.png\",\"width\":800,\"height\":493,\"caption\":\"C\u00e1mara Oficial de Comercio de Espa\u00f1a en T\u00e1nger\"},\"image\":{\"@id\":\"https:\/\/cecit.es\/fr\/#\/schema\/logo\/image\/\"},\"sameAs\":[\"https:\/\/www.facebook.com\/camaratanger\/\"]}]}<\/script>\n<!-- \/ Yoast SEO plugin. -->","yoast_head_json":{"title":"Couverture de l'annuaire - CECIT","robots":{"index":"index","follow":"follow","max-snippet":"max-snippet:-1","max-image-preview":"max-image-preview:large","max-video-preview":"max-video-preview:-1"},"canonical":"https:\/\/cecit.es\/fr\/couverture-de-lannuaire\/","og_locale":"fr_FR","og_type":"article","og_title":"Couverture de l'annuaire - CECIT","og_description":"[vc_row full_width=&#8221;stretch_row&#8221; disable_element=&#8221;yes&#8221; css=&#8221;.vc_custom_1592214931350{background-color: #c31038 !important;}&#8221;][vc_column][vc_custom_heading text=&#8221;\u00bfQUI\u00c9NES SOMOS?&#8221; font_container=&#8221;tag:h2|text_align:center|color:%23ffffff&#8221; use_theme_fonts=&#8221;yes&#8221; css=&#8221;.vc_custom_1612169301400{margin-top: 20px !important;margin-bottom: 50px !important;}&#8221;][\/vc_column][\/vc_row][vc_row full_width=&#8221;stretch_row&#8221; css=&#8221;.vc_custom_1592214941205{margin-top: 40px !important;}&#8221;][vc_column width=&#8221;1\/6&#8243;][\/vc_column][vc_column width=&#8221;2\/3&#8243;][vc_column_text] Cher Membre, La Chambre Officielle [\u2026]","og_url":"https:\/\/cecit.es\/fr\/couverture-de-lannuaire\/","og_site_name":"CECIT","article_publisher":"https:\/\/www.facebook.com\/camaratanger\/","article_modified_time":"2022-09-02T22:49:32+00:00","twitter_card":"summary_large_image","twitter_misc":{"Dur\u00e9e de lecture estim\u00e9e":"2 minutes"},"schema":{"@context":"https:\/\/schema.org","@graph":[{"@type":"WebPage","@id":"https:\/\/cecit.es\/fr\/couverture-de-lannuaire\/","url":"https:\/\/cecit.es\/fr\/couverture-de-lannuaire\/","name":"Couverture de l'annuaire - CECIT","isPartOf":{"@id":"https:\/\/cecit.es\/fr\/#website"},"datePublished":"2022-09-02T22:48:08+00:00","dateModified":"2022-09-02T22:49:32+00:00","breadcrumb":{"@id":"https:\/\/cecit.es\/fr\/couverture-de-lannuaire\/#breadcrumb"},"inLanguage":"fr-FR","potentialAction":[{"@type":"ReadAction","target":["https:\/\/cecit.es\/fr\/couverture-de-lannuaire\/"]}]},{"@type":"BreadcrumbList","@id":"https:\/\/cecit.es\/fr\/couverture-de-lannuaire\/#breadcrumb","itemListElement":[{"@type":"ListItem","position":1,"name":"Portada","item":"https:\/\/cecit.es\/fr\/"},{"@type":"ListItem","position":2,"name":"Couverture de l&#8217;annuaire"}]},{"@type":"WebSite","@id":"https:\/\/cecit.es\/fr\/#website","url":"https:\/\/cecit.es\/fr\/","name":"CECIT","description":"Chambre de commerce officielle d&#039;Espagne \u00e0 Tanger","publisher":{"@id":"https:\/\/cecit.es\/fr\/#organization"},"potentialAction":[{"@type":"SearchAction","target":{"@type":"EntryPoint","urlTemplate":"https:\/\/cecit.es\/fr\/?s={search_term_string}"},"query-input":{"@type":"PropertyValueSpecification","valueRequired":true,"valueName":"search_term_string"}}],"inLanguage":"fr-FR"},{"@type":"Organization","@id":"https:\/\/cecit.es\/fr\/#organization","name":"C\u00e1mara Oficial de Comercio de Espa\u00f1a en T\u00e1nger","url":"https:\/\/cecit.es\/fr\/","logo":{"@type":"ImageObject","inLanguage":"fr-FR","@id":"https:\/\/cecit.es\/fr\/#\/schema\/logo\/image\/","url":"https:\/\/cecit.es\/wp-content\/uploads\/2021\/11\/cecit.png","contentUrl":"https:\/\/cecit.es\/wp-content\/uploads\/2021\/11\/cecit.png","width":800,"height":493,"caption":"C\u00e1mara Oficial de Comercio de Espa\u00f1a en T\u00e1nger"},"image":{"@id":"https:\/\/cecit.es\/fr\/#\/schema\/logo\/image\/"},"sameAs":["https:\/\/www.facebook.com\/camaratanger\/"]}]}},"_links":{"self":[{"href":"https:\/\/cecit.es\/fr\/wp-json\/wp\/v2\/pages\/18529","targetHints":{"allow":["GET"]}}],"collection":[{"href":"https:\/\/cecit.es\/fr\/wp-json\/wp\/v2\/pages"}],"about":[{"href":"https:\/\/cecit.es\/fr\/wp-json\/wp\/v2\/types\/page"}],"author":[{"embeddable":true,"href":"https:\/\/cecit.es\/fr\/wp-json\/wp\/v2\/users\/3425"}],"replies":[{"embeddable":true,"href":"https:\/\/cecit.es\/fr\/wp-json\/wp\/v2\/comments?post=18529"}],"version-history":[{"count":2,"href":"https:\/\/cecit.es\/fr\/wp-json\/wp\/v2\/pages\/18529\/revisions"}],"predecessor-version":[{"id":18531,"href":"https:\/\/cecit.es\/fr\/wp-json\/wp\/v2\/pages\/18529\/revisions\/18531"}],"wp:attachment":[{"href":"https:\/\/cecit.es\/fr\/wp-json\/wp\/v2\/media?parent=18529"}],"curies":[{"name":"wp","href":"https:\/\/api.w.org\/{rel}","templated":true}]}}

<div class="wpb-content-wrapper"><p>[vc_row full_width=&#8221;stretch_row&#8221; disable_element=&#8221;yes&#8221; css=&#8221;.vc_custom_1592214931350{background-color: #c31038 !important;}&#8221;][vc_column][vc_custom_heading text=&#8221;¿QUIÉNES SOMOS?&#8221; font_container=&#8221;tag:h2|text_align:center|color:%23ffffff&#8221; use_theme_fonts=&#8221;yes&#8221; css=&#8221;.vc_custom_1612169301400{margin-top: 20px !important;margin-bottom: 50px !important;}&#8221;][/vc_column][/vc_row][vc_row full_width=&#8221;stretch_row&#8221; css=&#8221;.vc_custom_1592214941205{margin-top: 40px !important;}&#8221;][vc_column width=&#8221;1/6&#8243;][/vc_column][vc_column width=&#8221;2/3&#8243;][vc_column_text]</p>
<p class="p1"><strong>Cher Membre,</strong></p>
<p class="p1">La Chambre Officielle de Commerce d’Espagne à Tanger a le plaisir de vous informer de la préparation du prochain numéro de son Annuaire &#8211; Guide des Membres 2022/2023.</p>
<p class="p1">Il s’agit d’une plateforme conçue pour mettre en valeur et présenter le savoir-faire, compétences et produits des adhérents de notre Institution et qui contient nos principaux services, le réseau de contacts de nos membres classé par ordre alphabétique et par secteur d’activité, les adresses utiles, etc.</p>
<p class="p1">Cette publication sera éditée en 5.000 Exemplaires et distribuée à tous nos membres, aux sociétés et Institutions (Chambres de Commerce, Associations, Consulats…etc.) ainsi qu’à tous les participants aux différentes activités que nous réalisons (Missions Commerciales, Rencontres Sectorielles, Voyages de Prospection …etc.) aussi bien au Maroc qu’en Espagne.</p>
<p class="p1">Aussi, notre Annuaire sera diffusé en « Version Digitale », et actualisé périodiquement facilitant un accès plus rapide et une recherche plus efficiente.</p>
<p class="p1">Si vous souhaitez y insérer votre publicité et donner ainsi plus de visibilité à votre entreprise, veuillez-nous la faire parvenir au plus vite, tout en tenant en compte que le nombre d’espaces disponible est limité. Vous trouverez tous les détails nécessaires en cliquant sur le bouton ci-dessous.</p>
<p class="p1">Dans le cadre des avantages réservés aux adhérents de la CECIT, nous vous rappelons que les Membres Sponsors Prémium bénéficient GRATUITEMENT d’une page intérieure couleur.</p>
<p>[/vc_column_text][vc_separator][vc_btn title=&#8221;Voir PDF&#8221; i_icon_fontawesome=&#8221;fas fa-file-pdf&#8221; add_icon=&#8221;true&#8221; link=&#8221;url:https%3A%2F%2Fcecit.es%2Fwp-content%2Fuploads%2F2022%2F07%2Fprix-publicitaires-vf.pdf|target:_blank&#8221;][vc_single_image image=&#8221;18524&#8243; img_size=&#8221;Full&#8221; alignment=&#8221;center&#8221; onclick=&#8221;custom_link&#8221; img_link_target=&#8221;_blank&#8221; link=&#8221;https://cecit.es/wp-content/uploads/2022/07/prix-publicitaires-vf.pdf&#8221;][/vc_column][vc_column width=&#8221;1/6&#8243;][/vc_column][/vc_row]</p>
</div>

<p>[vc_row full_width=&#8221;stretch_row&#8221; disable_element=&#8221;yes&#8221; css=&#8221;.vc_custom_1592214931350{background-color: #c31038 !important;}&#8221;][vc_column][vc_custom_heading text=&#8221;¿QUIÉNES SOMOS?&#8221; font_container=&#8221;tag:h2|text_align:center|color:%23ffffff&#8221; use_theme_fonts=&#8221;yes&#8221; css=&#8221;.vc_custom_1612169301400{margin-top: 20px !important;margin-bottom: 50px !important;}&#8221;][/vc_column][/vc_row][vc_row full_width=&#8221;stretch_row&#8221; css=&#8221;.vc_custom_1592214941205{margin-top: 40px !important;}&#8221;][vc_column width=&#8221;1/6&#8243;][/vc_column][vc_column width=&#8221;2/3&#8243;][vc_column_text] Cher Membre, La Chambre Officielle<span class="excerpt-hellip"> […]</span></p>

<!-- This site is optimized with the Yoast SEO plugin v26.2 - https://yoast.com/wordpress/plugins/seo/ -->
<title>Couverture de l&#039;annuaire - CECIT</title>
<meta name="robots" content="index, follow, max-snippet:-1, max-image-preview:large, max-video-preview:-1" />
<link rel="canonical" href="https://cecit.es/fr/couverture-de-lannuaire/" />
<meta property="og:locale" content="fr_FR" />
<meta property="og:type" content="article" />
<meta property="og:title" content="Couverture de l&#039;annuaire - CECIT" />
<meta property="og:description" content="[vc_row full_width=&#8221;stretch_row&#8221; disable_element=&#8221;yes&#8221; css=&#8221;.vc_custom_1592214931350{background-color: #c31038 !important;}&#8221;][vc_column][vc_custom_heading text=&#8221;¿QUIÉNES SOMOS?&#8221; font_container=&#8221;tag:h2|text_align:center|color:%23ffffff&#8221; use_theme_fonts=&#8221;yes&#8221; css=&#8221;.vc_custom_1612169301400{margin-top: 20px !important;margin-bottom: 50px !important;}&#8221;][/vc_column][/vc_row][vc_row full_width=&#8221;stretch_row&#8221; css=&#8221;.vc_custom_1592214941205{margin-top: 40px !important;}&#8221;][vc_column width=&#8221;1/6&#8243;][/vc_column][vc_column width=&#8221;2/3&#8243;][vc_column_text] Cher Membre, La Chambre Officielle […]" />
<meta property="og:url" content="https://cecit.es/fr/couverture-de-lannuaire/" />
<meta property="og:site_name" content="CECIT" />
<meta property="article:publisher" content="https://www.facebook.com/camaratanger/" />
<meta property="article:modified_time" content="2022-09-02T22:49:32+00:00" />
<meta name="twitter:card" content="summary_large_image" />
<meta name="twitter:label1" content="Durée de lecture estimée" />
	<meta name="twitter:data1" content="2 minutes" />
<script type="application/ld+json" class="yoast-schema-graph">{"@context":"https://schema.org","@graph":[{"@type":"WebPage","@id":"https://cecit.es/fr/couverture-de-lannuaire/","url":"https://cecit.es/fr/couverture-de-lannuaire/","name":"Couverture de l'annuaire - CECIT","isPartOf":{"@id":"https://cecit.es/fr/#website"},"datePublished":"2022-09-02T22:48:08+00:00","dateModified":"2022-09-02T22:49:32+00:00","breadcrumb":{"@id":"https://cecit.es/fr/couverture-de-lannuaire/#breadcrumb"},"inLanguage":"fr-FR","potentialAction":[{"@type":"ReadAction","target":["https://cecit.es/fr/couverture-de-lannuaire/"]}]},{"@type":"BreadcrumbList","@id":"https://cecit.es/fr/couverture-de-lannuaire/#breadcrumb","itemListElement":[{"@type":"ListItem","position":1,"name":"Portada","item":"https://cecit.es/fr/"},{"@type":"ListItem","position":2,"name":"Couverture de l&#8217;annuaire"}]},{"@type":"WebSite","@id":"https://cecit.es/fr/#website","url":"https://cecit.es/fr/","name":"CECIT","description":"Chambre de commerce officielle d&#039;Espagne à Tanger","publisher":{"@id":"https://cecit.es/fr/#organization"},"potentialAction":[{"@type":"SearchAction","target":{"@type":"EntryPoint","urlTemplate":"https://cecit.es/fr/?s={search_term_string}"},"query-input":{"@type":"PropertyValueSpecification","valueRequired":true,"valueName":"search_term_string"}}],"inLanguage":"fr-FR"},{"@type":"Organization","@id":"https://cecit.es/fr/#organization","name":"Cámara Oficial de Comercio de España en Tánger","url":"https://cecit.es/fr/","logo":{"@type":"ImageObject","inLanguage":"fr-FR","@id":"https://cecit.es/fr/#/schema/logo/image/","url":"https://cecit.es/wp-content/uploads/2021/11/cecit.png","contentUrl":"https://cecit.es/wp-content/uploads/2021/11/cecit.png","width":800,"height":493,"caption":"Cámara Oficial de Comercio de España en Tánger"},"image":{"@id":"https://cecit.es/fr/#/schema/logo/image/"},"sameAs":["https://www.facebook.com/camaratanger/"]}]}</script>
<!-- / Yoast SEO plugin. -->

[vc_row full_width=&#8221;stretch_row&#8221; disable_element=&#8221;yes&#8221; css=&#8221;.vc_custom_1592214931350{background-color: #c31038 !important;}&#8221;][vc_column][vc_custom_heading text=&#8221;¿QUIÉNES SOMOS?&#8221; font_container=&#8221;tag:h2|text_align:center|color:%23ffffff&#8221; use_theme_fonts=&#8221;yes&#8221; css=&#8221;.vc_custom_1612169301400{margin-top: 20px !important;margin-bottom: 50px !important;}&#8221;][/vc_column][/vc_row][vc_row full_width=&#8221;stretch_row&#8221; css=&#8221;.vc_custom_1592214941205{margin-top: 40px !important;}&#8221;][vc_column width=&#8221;1/6&#8243;][/vc_column][vc_column width=&#8221;2/3&#8243;][vc_column_text] Cher Membre, La Chambre Officielle […]

Chambre de commerce officielle d&#039;Espagne à Tanger

Cámara Oficial de Comercio de España en Tánger
