{"id":14748,"date":"2021-12-29T13:02:27","date_gmt":"2021-12-29T12:02:27","guid":{"rendered":"https:\/\/cecit.es\/investir-au-maroc\/"},"modified":"2021-12-29T13:02:28","modified_gmt":"2021-12-29T12:02:28","slug":"investir-au-maroc","status":"publish","type":"page","link":"https:\/\/cecit.es\/fr\/investir-au-maroc\/","title":{"rendered":"Investir au Maroc"},"content":{"rendered":"<div class=\"wpb-content-wrapper\"><p>[vc_row][vc_column][vc_empty_space][\/vc_column][\/vc_row][vc_row full_width=&#8221;stretch_row&#8221; gap=&#8221;35&#8243; content_placement=&#8221;middle&#8221;][vc_column width=&#8221;1\/3&#8243;][vc_row_inner][vc_column_inner el_class=&#8221;cadre_blanc&#8221;][vc_custom_heading text=&#8221;Rapport \u00e9conomique&#8221; font_container=&#8221;tag:h4|text_align:left&#8221; use_theme_fonts=&#8221;yes&#8221;][vc_single_image image=&#8221;1510&#8243; img_size=&#8221;full&#8221; alignment=&#8221;center&#8221; style=&#8221;vc_box_shadow_border&#8221;][vc_column_text]Rapport \u00e9conomique et commercial sur le Maroc \u2013 Mis \u00e0 jour en f\u00e9vrier 2019[\/vc_column_text][vc_btn title=&#8221;T\u00e9l\u00e9charger &#8221; style=&#8221;custom&#8221; custom_background=&#8221;#ad0000&#8243; custom_text=&#8221;#ffffff&#8221; link=&#8221;url:https%3A%2F%2Fcecit.es%2Fwp-content%2Fuploads%2F2020%2F09%2FInforme-economico-y-comercial-2020.pdf|&#8221; el_class=&#8221;btn-zoom&#8221;][\/vc_column_inner][\/vc_row_inner][\/vc_column][vc_column width=&#8221;1\/3&#8243;][vc_row_inner][vc_column_inner el_class=&#8221;cadre_blanc&#8221;][vc_custom_heading text=&#8221;Fiche pays&#8221; font_container=&#8221;tag:h4|text_align:left&#8221; use_theme_fonts=&#8221;yes&#8221;][vc_single_image image=&#8221;1509&#8243; img_size=&#8221;full&#8221; alignment=&#8221;center&#8221; style=&#8221;vc_box_shadow_border&#8221;][vc_column_text]Fiche du Maroc pr\u00e9sent\u00e9e par le Bureau d\u2019information diplomatique du Maroc[\/vc_column_text][vc_btn title=&#8221;T\u00e9l\u00e9charger &#8221; style=&#8221;custom&#8221; custom_background=&#8221;#ad0000&#8243; custom_text=&#8221;#ffffff&#8221; link=&#8221;url:https%3A%2F%2Fcecit.es%2Fwp-content%2Fuploads%2F2020%2F09%2FMarruecos.-Gui%CC%81a-pai%CC%81s-2020.pdf|&#8221; el_class=&#8221;btn-zoom&#8221;][\/vc_column_inner][\/vc_row_inner][\/vc_column][vc_column width=&#8221;1\/3&#8243;][vc_row_inner][vc_column_inner el_class=&#8221;cadre_blanc&#8221;][vc_custom_heading text=&#8221;Guide pratique&#8221; font_container=&#8221;tag:h4|text_align:left&#8221; use_theme_fonts=&#8221;yes&#8221;][vc_single_image image=&#8221;1507&#8243; img_size=&#8221;full&#8221; alignment=&#8221;center&#8221; style=&#8221;vc_box_shadow_border&#8221;][vc_column_text]Les 50 questions les plus fr\u00e9quentes pour comprendre le march\u00e9 marocain[\/vc_column_text][vc_btn title=&#8221;T\u00e9l\u00e9charger &#8221; style=&#8221;custom&#8221; custom_background=&#8221;#ad0000&#8243; custom_text=&#8221;#ffffff&#8221; link=&#8221;url:%23popmake-1017|&#8221; el_class=&#8221;btn-zoom&#8221;][\/vc_column_inner][\/vc_row_inner][\/vc_column][\/vc_row]<\/p>\n<\/div>","protected":false},"excerpt":{"rendered":"<p>[vc_row][vc_column][vc_empty_space][\/vc_column][\/vc_row][vc_row full_width=&#8221;stretch_row&#8221; gap=&#8221;35&#8243; content_placement=&#8221;middle&#8221;][vc_column width=&#8221;1\/3&#8243;][vc_row_inner][vc_column_inner el_class=&#8221;cadre_blanc&#8221;][vc_custom_heading text=&#8221;Rapport \u00e9conomique&#8221; font_container=&#8221;tag:h4|text_align:left&#8221; use_theme_fonts=&#8221;yes&#8221;][vc_single_image image=&#8221;1510&#8243; img_size=&#8221;full&#8221; alignment=&#8221;center&#8221; style=&#8221;vc_box_shadow_border&#8221;][vc_column_text]Rapport \u00e9conomique et commercial sur le Maroc \u2013 Mis \u00e0 jour en f\u00e9vrier<span class=\"excerpt-hellip\"> [\u2026]<\/span><\/p>\n","protected":false},"author":3425,"featured_media":0,"parent":0,"menu_order":0,"comment_status":"closed","ping_status":"closed","template":"","meta":{"footnotes":""},"class_list":["post-14748","page","type-page","status-publish","hentry"],"yoast_head":"<!-- This site is optimized with the Yoast SEO plugin v26.2 - https:\/\/yoast.com\/wordpress\/plugins\/seo\/ -->\n<title>Investir au Maroc - CECIT<\/title>\n<meta name=\"robots\" content=\"index, follow, max-snippet:-1, max-image-preview:large, max-video-preview:-1\" \/>\n<link rel=\"canonical\" href=\"https:\/\/cecit.es\/fr\/investir-au-maroc\/\" \/>\n<meta property=\"og:locale\" content=\"fr_FR\" \/>\n<meta property=\"og:type\" content=\"article\" \/>\n<meta property=\"og:title\" content=\"Investir au Maroc - CECIT\" \/>\n<meta property=\"og:description\" content=\"[vc_row][vc_column][vc_empty_space][\/vc_column][\/vc_row][vc_row full_width=&#8221;stretch_row&#8221; gap=&#8221;35&#8243; content_placement=&#8221;middle&#8221;][vc_column width=&#8221;1\/3&#8243;][vc_row_inner][vc_column_inner el_class=&#8221;cadre_blanc&#8221;][vc_custom_heading text=&#8221;Rapport \u00e9conomique&#8221; font_container=&#8221;tag:h4|text_align:left&#8221; use_theme_fonts=&#8221;yes&#8221;][vc_single_image image=&#8221;1510&#8243; img_size=&#8221;full&#8221; alignment=&#8221;center&#8221; style=&#8221;vc_box_shadow_border&#8221;][vc_column_text]Rapport \u00e9conomique et commercial sur le Maroc \u2013 Mis \u00e0 jour en f\u00e9vrier [\u2026]\" \/>\n<meta property=\"og:url\" content=\"https:\/\/cecit.es\/fr\/investir-au-maroc\/\" \/>\n<meta property=\"og:site_name\" content=\"CECIT\" \/>\n<meta property=\"article:publisher\" content=\"https:\/\/www.facebook.com\/camaratanger\/\" \/>\n<meta property=\"article:modified_time\" content=\"2021-12-29T12:02:28+00:00\" \/>\n<meta name=\"twitter:card\" content=\"summary_large_image\" \/>\n<meta name=\"twitter:label1\" content=\"Dur\u00e9e de lecture estim\u00e9e\" \/>\n\t<meta name=\"twitter:data1\" content=\"2 minutes\" \/>\n<script type=\"application\/ld+json\" class=\"yoast-schema-graph\">{\"@context\":\"https:\/\/schema.org\",\"@graph\":[{\"@type\":\"WebPage\",\"@id\":\"https:\/\/cecit.es\/fr\/investir-au-maroc\/\",\"url\":\"https:\/\/cecit.es\/fr\/investir-au-maroc\/\",\"name\":\"Investir au Maroc - CECIT\",\"isPartOf\":{\"@id\":\"https:\/\/cecit.es\/fr\/#website\"},\"datePublished\":\"2021-12-29T12:02:27+00:00\",\"dateModified\":\"2021-12-29T12:02:28+00:00\",\"breadcrumb\":{\"@id\":\"https:\/\/cecit.es\/fr\/investir-au-maroc\/#breadcrumb\"},\"inLanguage\":\"fr-FR\",\"potentialAction\":[{\"@type\":\"ReadAction\",\"target\":[\"https:\/\/cecit.es\/fr\/investir-au-maroc\/\"]}]},{\"@type\":\"BreadcrumbList\",\"@id\":\"https:\/\/cecit.es\/fr\/investir-au-maroc\/#breadcrumb\",\"itemListElement\":[{\"@type\":\"ListItem\",\"position\":1,\"name\":\"Portada\",\"item\":\"https:\/\/cecit.es\/fr\/\"},{\"@type\":\"ListItem\",\"position\":2,\"name\":\"Investir au Maroc\"}]},{\"@type\":\"WebSite\",\"@id\":\"https:\/\/cecit.es\/fr\/#website\",\"url\":\"https:\/\/cecit.es\/fr\/\",\"name\":\"CECIT\",\"description\":\"Chambre de commerce officielle d&#039;Espagne \u00e0 Tanger\",\"publisher\":{\"@id\":\"https:\/\/cecit.es\/fr\/#organization\"},\"potentialAction\":[{\"@type\":\"SearchAction\",\"target\":{\"@type\":\"EntryPoint\",\"urlTemplate\":\"https:\/\/cecit.es\/fr\/?s={search_term_string}\"},\"query-input\":{\"@type\":\"PropertyValueSpecification\",\"valueRequired\":true,\"valueName\":\"search_term_string\"}}],\"inLanguage\":\"fr-FR\"},{\"@type\":\"Organization\",\"@id\":\"https:\/\/cecit.es\/fr\/#organization\",\"name\":\"C\u00e1mara Oficial de Comercio de Espa\u00f1a en T\u00e1nger\",\"url\":\"https:\/\/cecit.es\/fr\/\",\"logo\":{\"@type\":\"ImageObject\",\"inLanguage\":\"fr-FR\",\"@id\":\"https:\/\/cecit.es\/fr\/#\/schema\/logo\/image\/\",\"url\":\"https:\/\/cecit.es\/wp-content\/uploads\/2021\/11\/cecit.png\",\"contentUrl\":\"https:\/\/cecit.es\/wp-content\/uploads\/2021\/11\/cecit.png\",\"width\":800,\"height\":493,\"caption\":\"C\u00e1mara Oficial de Comercio de Espa\u00f1a en T\u00e1nger\"},\"image\":{\"@id\":\"https:\/\/cecit.es\/fr\/#\/schema\/logo\/image\/\"},\"sameAs\":[\"https:\/\/www.facebook.com\/camaratanger\/\"]}]}<\/script>\n<!-- \/ Yoast SEO plugin. -->","yoast_head_json":{"title":"Investir au Maroc - CECIT","robots":{"index":"index","follow":"follow","max-snippet":"max-snippet:-1","max-image-preview":"max-image-preview:large","max-video-preview":"max-video-preview:-1"},"canonical":"https:\/\/cecit.es\/fr\/investir-au-maroc\/","og_locale":"fr_FR","og_type":"article","og_title":"Investir au Maroc - CECIT","og_description":"[vc_row][vc_column][vc_empty_space][\/vc_column][\/vc_row][vc_row full_width=&#8221;stretch_row&#8221; gap=&#8221;35&#8243; content_placement=&#8221;middle&#8221;][vc_column width=&#8221;1\/3&#8243;][vc_row_inner][vc_column_inner el_class=&#8221;cadre_blanc&#8221;][vc_custom_heading text=&#8221;Rapport \u00e9conomique&#8221; font_container=&#8221;tag:h4|text_align:left&#8221; use_theme_fonts=&#8221;yes&#8221;][vc_single_image image=&#8221;1510&#8243; img_size=&#8221;full&#8221; alignment=&#8221;center&#8221; style=&#8221;vc_box_shadow_border&#8221;][vc_column_text]Rapport \u00e9conomique et commercial sur le Maroc \u2013 Mis \u00e0 jour en f\u00e9vrier [\u2026]","og_url":"https:\/\/cecit.es\/fr\/investir-au-maroc\/","og_site_name":"CECIT","article_publisher":"https:\/\/www.facebook.com\/camaratanger\/","article_modified_time":"2021-12-29T12:02:28+00:00","twitter_card":"summary_large_image","twitter_misc":{"Dur\u00e9e de lecture estim\u00e9e":"2 minutes"},"schema":{"@context":"https:\/\/schema.org","@graph":[{"@type":"WebPage","@id":"https:\/\/cecit.es\/fr\/investir-au-maroc\/","url":"https:\/\/cecit.es\/fr\/investir-au-maroc\/","name":"Investir au Maroc - CECIT","isPartOf":{"@id":"https:\/\/cecit.es\/fr\/#website"},"datePublished":"2021-12-29T12:02:27+00:00","dateModified":"2021-12-29T12:02:28+00:00","breadcrumb":{"@id":"https:\/\/cecit.es\/fr\/investir-au-maroc\/#breadcrumb"},"inLanguage":"fr-FR","potentialAction":[{"@type":"ReadAction","target":["https:\/\/cecit.es\/fr\/investir-au-maroc\/"]}]},{"@type":"BreadcrumbList","@id":"https:\/\/cecit.es\/fr\/investir-au-maroc\/#breadcrumb","itemListElement":[{"@type":"ListItem","position":1,"name":"Portada","item":"https:\/\/cecit.es\/fr\/"},{"@type":"ListItem","position":2,"name":"Investir au Maroc"}]},{"@type":"WebSite","@id":"https:\/\/cecit.es\/fr\/#website","url":"https:\/\/cecit.es\/fr\/","name":"CECIT","description":"Chambre de commerce officielle d&#039;Espagne \u00e0 Tanger","publisher":{"@id":"https:\/\/cecit.es\/fr\/#organization"},"potentialAction":[{"@type":"SearchAction","target":{"@type":"EntryPoint","urlTemplate":"https:\/\/cecit.es\/fr\/?s={search_term_string}"},"query-input":{"@type":"PropertyValueSpecification","valueRequired":true,"valueName":"search_term_string"}}],"inLanguage":"fr-FR"},{"@type":"Organization","@id":"https:\/\/cecit.es\/fr\/#organization","name":"C\u00e1mara Oficial de Comercio de Espa\u00f1a en T\u00e1nger","url":"https:\/\/cecit.es\/fr\/","logo":{"@type":"ImageObject","inLanguage":"fr-FR","@id":"https:\/\/cecit.es\/fr\/#\/schema\/logo\/image\/","url":"https:\/\/cecit.es\/wp-content\/uploads\/2021\/11\/cecit.png","contentUrl":"https:\/\/cecit.es\/wp-content\/uploads\/2021\/11\/cecit.png","width":800,"height":493,"caption":"C\u00e1mara Oficial de Comercio de Espa\u00f1a en T\u00e1nger"},"image":{"@id":"https:\/\/cecit.es\/fr\/#\/schema\/logo\/image\/"},"sameAs":["https:\/\/www.facebook.com\/camaratanger\/"]}]}},"_links":{"self":[{"href":"https:\/\/cecit.es\/fr\/wp-json\/wp\/v2\/pages\/14748","targetHints":{"allow":["GET"]}}],"collection":[{"href":"https:\/\/cecit.es\/fr\/wp-json\/wp\/v2\/pages"}],"about":[{"href":"https:\/\/cecit.es\/fr\/wp-json\/wp\/v2\/types\/page"}],"author":[{"embeddable":true,"href":"https:\/\/cecit.es\/fr\/wp-json\/wp\/v2\/users\/3425"}],"replies":[{"embeddable":true,"href":"https:\/\/cecit.es\/fr\/wp-json\/wp\/v2\/comments?post=14748"}],"version-history":[{"count":2,"href":"https:\/\/cecit.es\/fr\/wp-json\/wp\/v2\/pages\/14748\/revisions"}],"predecessor-version":[{"id":14750,"href":"https:\/\/cecit.es\/fr\/wp-json\/wp\/v2\/pages\/14748\/revisions\/14750"}],"wp:attachment":[{"href":"https:\/\/cecit.es\/fr\/wp-json\/wp\/v2\/media?parent=14748"}],"curies":[{"name":"wp","href":"https:\/\/api.w.org\/{rel}","templated":true}]}}

<div class="wpb-content-wrapper"><p>[vc_row][vc_column][vc_empty_space][/vc_column][/vc_row][vc_row full_width=&#8221;stretch_row&#8221; gap=&#8221;35&#8243; content_placement=&#8221;middle&#8221;][vc_column width=&#8221;1/3&#8243;][vc_row_inner][vc_column_inner el_class=&#8221;cadre_blanc&#8221;][vc_custom_heading text=&#8221;Rapport économique&#8221; font_container=&#8221;tag:h4|text_align:left&#8221; use_theme_fonts=&#8221;yes&#8221;][vc_single_image image=&#8221;1510&#8243; img_size=&#8221;full&#8221; alignment=&#8221;center&#8221; style=&#8221;vc_box_shadow_border&#8221;][vc_column_text]Rapport économique et commercial sur le Maroc – Mis à jour en février 2019[/vc_column_text][vc_btn title=&#8221;Télécharger &#8221; style=&#8221;custom&#8221; custom_background=&#8221;#ad0000&#8243; custom_text=&#8221;#ffffff&#8221; link=&#8221;url:https%3A%2F%2Fcecit.es%2Fwp-content%2Fuploads%2F2020%2F09%2FInforme-economico-y-comercial-2020.pdf|&#8221; el_class=&#8221;btn-zoom&#8221;][/vc_column_inner][/vc_row_inner][/vc_column][vc_column width=&#8221;1/3&#8243;][vc_row_inner][vc_column_inner el_class=&#8221;cadre_blanc&#8221;][vc_custom_heading text=&#8221;Fiche pays&#8221; font_container=&#8221;tag:h4|text_align:left&#8221; use_theme_fonts=&#8221;yes&#8221;][vc_single_image image=&#8221;1509&#8243; img_size=&#8221;full&#8221; alignment=&#8221;center&#8221; style=&#8221;vc_box_shadow_border&#8221;][vc_column_text]Fiche du Maroc présentée par le Bureau d’information diplomatique du Maroc[/vc_column_text][vc_btn title=&#8221;Télécharger &#8221; style=&#8221;custom&#8221; custom_background=&#8221;#ad0000&#8243; custom_text=&#8221;#ffffff&#8221; link=&#8221;url:https%3A%2F%2Fcecit.es%2Fwp-content%2Fuploads%2F2020%2F09%2FMarruecos.-Gui%CC%81a-pai%CC%81s-2020.pdf|&#8221; el_class=&#8221;btn-zoom&#8221;][/vc_column_inner][/vc_row_inner][/vc_column][vc_column width=&#8221;1/3&#8243;][vc_row_inner][vc_column_inner el_class=&#8221;cadre_blanc&#8221;][vc_custom_heading text=&#8221;Guide pratique&#8221; font_container=&#8221;tag:h4|text_align:left&#8221; use_theme_fonts=&#8221;yes&#8221;][vc_single_image image=&#8221;1507&#8243; img_size=&#8221;full&#8221; alignment=&#8221;center&#8221; style=&#8221;vc_box_shadow_border&#8221;][vc_column_text]Les 50 questions les plus fréquentes pour comprendre le marché marocain[/vc_column_text][vc_btn title=&#8221;Télécharger &#8221; style=&#8221;custom&#8221; custom_background=&#8221;#ad0000&#8243; custom_text=&#8221;#ffffff&#8221; link=&#8221;url:%23popmake-1017|&#8221; el_class=&#8221;btn-zoom&#8221;][/vc_column_inner][/vc_row_inner][/vc_column][/vc_row]</p>
</div>

<p>[vc_row][vc_column][vc_empty_space][/vc_column][/vc_row][vc_row full_width=&#8221;stretch_row&#8221; gap=&#8221;35&#8243; content_placement=&#8221;middle&#8221;][vc_column width=&#8221;1/3&#8243;][vc_row_inner][vc_column_inner el_class=&#8221;cadre_blanc&#8221;][vc_custom_heading text=&#8221;Rapport économique&#8221; font_container=&#8221;tag:h4|text_align:left&#8221; use_theme_fonts=&#8221;yes&#8221;][vc_single_image image=&#8221;1510&#8243; img_size=&#8221;full&#8221; alignment=&#8221;center&#8221; style=&#8221;vc_box_shadow_border&#8221;][vc_column_text]Rapport économique et commercial sur le Maroc – Mis à jour en février<span class="excerpt-hellip"> […]</span></p>

<!-- This site is optimized with the Yoast SEO plugin v26.2 - https://yoast.com/wordpress/plugins/seo/ -->
<title>Investir au Maroc - CECIT</title>
<meta name="robots" content="index, follow, max-snippet:-1, max-image-preview:large, max-video-preview:-1" />
<link rel="canonical" href="https://cecit.es/fr/investir-au-maroc/" />
<meta property="og:locale" content="fr_FR" />
<meta property="og:type" content="article" />
<meta property="og:title" content="Investir au Maroc - CECIT" />
<meta property="og:description" content="[vc_row][vc_column][vc_empty_space][/vc_column][/vc_row][vc_row full_width=&#8221;stretch_row&#8221; gap=&#8221;35&#8243; content_placement=&#8221;middle&#8221;][vc_column width=&#8221;1/3&#8243;][vc_row_inner][vc_column_inner el_class=&#8221;cadre_blanc&#8221;][vc_custom_heading text=&#8221;Rapport économique&#8221; font_container=&#8221;tag:h4|text_align:left&#8221; use_theme_fonts=&#8221;yes&#8221;][vc_single_image image=&#8221;1510&#8243; img_size=&#8221;full&#8221; alignment=&#8221;center&#8221; style=&#8221;vc_box_shadow_border&#8221;][vc_column_text]Rapport économique et commercial sur le Maroc – Mis à jour en février […]" />
<meta property="og:url" content="https://cecit.es/fr/investir-au-maroc/" />
<meta property="og:site_name" content="CECIT" />
<meta property="article:publisher" content="https://www.facebook.com/camaratanger/" />
<meta property="article:modified_time" content="2021-12-29T12:02:28+00:00" />
<meta name="twitter:card" content="summary_large_image" />
<meta name="twitter:label1" content="Durée de lecture estimée" />
	<meta name="twitter:data1" content="2 minutes" />
<script type="application/ld+json" class="yoast-schema-graph">{"@context":"https://schema.org","@graph":[{"@type":"WebPage","@id":"https://cecit.es/fr/investir-au-maroc/","url":"https://cecit.es/fr/investir-au-maroc/","name":"Investir au Maroc - CECIT","isPartOf":{"@id":"https://cecit.es/fr/#website"},"datePublished":"2021-12-29T12:02:27+00:00","dateModified":"2021-12-29T12:02:28+00:00","breadcrumb":{"@id":"https://cecit.es/fr/investir-au-maroc/#breadcrumb"},"inLanguage":"fr-FR","potentialAction":[{"@type":"ReadAction","target":["https://cecit.es/fr/investir-au-maroc/"]}]},{"@type":"BreadcrumbList","@id":"https://cecit.es/fr/investir-au-maroc/#breadcrumb","itemListElement":[{"@type":"ListItem","position":1,"name":"Portada","item":"https://cecit.es/fr/"},{"@type":"ListItem","position":2,"name":"Investir au Maroc"}]},{"@type":"WebSite","@id":"https://cecit.es/fr/#website","url":"https://cecit.es/fr/","name":"CECIT","description":"Chambre de commerce officielle d&#039;Espagne à Tanger","publisher":{"@id":"https://cecit.es/fr/#organization"},"potentialAction":[{"@type":"SearchAction","target":{"@type":"EntryPoint","urlTemplate":"https://cecit.es/fr/?s={search_term_string}"},"query-input":{"@type":"PropertyValueSpecification","valueRequired":true,"valueName":"search_term_string"}}],"inLanguage":"fr-FR"},{"@type":"Organization","@id":"https://cecit.es/fr/#organization","name":"Cámara Oficial de Comercio de España en Tánger","url":"https://cecit.es/fr/","logo":{"@type":"ImageObject","inLanguage":"fr-FR","@id":"https://cecit.es/fr/#/schema/logo/image/","url":"https://cecit.es/wp-content/uploads/2021/11/cecit.png","contentUrl":"https://cecit.es/wp-content/uploads/2021/11/cecit.png","width":800,"height":493,"caption":"Cámara Oficial de Comercio de España en Tánger"},"image":{"@id":"https://cecit.es/fr/#/schema/logo/image/"},"sameAs":["https://www.facebook.com/camaratanger/"]}]}</script>
<!-- / Yoast SEO plugin. -->

[vc_row][vc_column][vc_empty_space][/vc_column][/vc_row][vc_row full_width=&#8221;stretch_row&#8221; gap=&#8221;35&#8243; content_placement=&#8221;middle&#8221;][vc_column width=&#8221;1/3&#8243;][vc_row_inner][vc_column_inner el_class=&#8221;cadre_blanc&#8221;][vc_custom_heading text=&#8221;Rapport économique&#8221; font_container=&#8221;tag:h4|text_align:left&#8221; use_theme_fonts=&#8221;yes&#8221;][vc_single_image image=&#8221;1510&#8243; img_size=&#8221;full&#8221; alignment=&#8221;center&#8221; style=&#8221;vc_box_shadow_border&#8221;][vc_column_text]Rapport économique et commercial sur le Maroc – Mis à jour en février […]

Chambre de commerce officielle d&#039;Espagne à Tanger

Cámara Oficial de Comercio de España en Tánger
