{"id":14652,"date":"2021-12-29T10:44:29","date_gmt":"2021-12-29T09:44:29","guid":{"rendered":"https:\/\/cecit.es\/espace-de-communication\/"},"modified":"2021-12-29T10:44:29","modified_gmt":"2021-12-29T09:44:29","slug":"espace-de-communication","status":"publish","type":"page","link":"https:\/\/cecit.es\/fr\/espace-de-communication\/","title":{"rendered":"Espace de communication"},"content":{"rendered":"<div class=\"wpb-content-wrapper\"><p>[vc_row full_width=&#8221;stretch_row&#8221; content_placement=&#8221;middle&#8221; parallax=&#8221;content-moving&#8221; parallax_image=&#8221;1418&#8243; css=&#8221;.vc_custom_1593299277531{padding-top: 10px !important;padding-bottom: 10px !important;}&#8221;][vc_column][vc_custom_heading text=&#8221;Pour accomplir sa mission, la CECIT offre des services professionnels aux entreprises, institutions et particuliers des deux c\u00f4t\u00e9s du d\u00e9troit de Gibraltar.&#8221; font_container=&#8221;tag:h2|text_align:center|color:%23ffffff|line_height:2&#8243; use_theme_fonts=&#8221;yes&#8221; css=&#8221;.vc_custom_1594031808363{margin-top: 25px !important;margin-bottom: 50px !important;}&#8221;][\/vc_column][\/vc_row][vc_row][vc_column width=&#8221;1\/4&#8243;][vc_custom_heading text=&#8221;1. Annuaire guide du membre&#8221; font_container=&#8221;tag:h4|text_align:center&#8221; use_theme_fonts=&#8221;yes&#8221;]<div class=\"icon_box icon_position_top has_border\"><div class=\"icon_wrapper\"><div class=\"icon\"><i class=\"icon-vcard\" aria-hidden=\"true\"><\/i><\/div><\/div><div class=\"desc_wrapper\"><\/div><\/div>\n[\/vc_column][vc_column width=&#8221;3\/4&#8243;][vc_column_text css=&#8221;.vc_custom_1610537950873{margin-top: 40px !important;}&#8221;]<\/p>\n<p class=\"p1\" style=\"text-align: justify; line-height: 2.5;\">Notre Chambre publie deux fois par an \u00ab\u00a0<strong>l\u2019Annuaire guide du membre<\/strong>\u00a0\u00bb, une publication qui accompagne notre institution dans tous les actes et \u00e9v\u00e9nements qu\u2019elle organise ou auxquels elle participe. Cette publication pr\u00e9sente une liste d\u00e9taill\u00e9e de nos membres class\u00e9s par secteur d\u2019activit\u00e9 et par ordre alphab\u00e9tique, ainsi qu\u2019une liste d\u2019adresses utiles pour l\u2019Espagne et pour le Maroc.<\/p>\n<p>[\/vc_column_text][\/vc_column][\/vc_row][vc_row][vc_column width=&#8221;1\/4&#8243;][vc_custom_heading text=&#8221;2. Site web de la CECIT&#8221; font_container=&#8221;tag:h4|text_align:center&#8221; use_theme_fonts=&#8221;yes&#8221;]<div class=\"icon_box icon_position_top has_border\"><div class=\"icon_wrapper\"><div class=\"icon\"><i class=\"icon-network\" aria-hidden=\"true\"><\/i><\/div><\/div><div class=\"desc_wrapper\"><\/div><\/div>\n[\/vc_column][vc_column width=&#8221;3\/4&#8243;][vc_column_text css=&#8221;.vc_custom_1592356533462{margin-top: 40px !important;}&#8221;]<\/p>\n<p class=\"p1\" style=\"text-align: justify; line-height: 2.5;\"><span class=\"s1\">Le site web de la Chambre, <a href=\"https:\/\/cecit.es\/?lang=fr\">www.cecit.es<\/a>, d\u00e9velopp\u00e9 comme un important outil strat\u00e9gique pour communiquer, diffuser et renforcer l\u2019image de notre institution, permet la diffusion en temps r\u00e9el d\u2019informations d\u2019int\u00e9r\u00eat \u00e9conomique et commercial, de notre gamme de services, ainsi que des activit\u00e9s et des actions r\u00e9alis\u00e9es dans le cadre de la promotion des investissements et des relations \u00e9conomiques entre l\u2019Espagne et le Maroc.<\/span><\/p>\n<p>[\/vc_column_text][\/vc_column][\/vc_row][vc_row][vc_column width=&#8221;1\/4&#8243;][vc_custom_heading text=&#8221;3. R\u00e9seaux sociaux&#8221; font_container=&#8221;tag:h4|text_align:center&#8221; use_theme_fonts=&#8221;yes&#8221;]<div class=\"icon_box icon_position_top has_border\"><div class=\"icon_wrapper\"><div class=\"icon\"><i class=\"icon-facebook-squared\" aria-hidden=\"true\"><\/i><\/div><\/div><div class=\"desc_wrapper\"><\/div><\/div>\n[\/vc_column][vc_column width=&#8221;3\/4&#8243;][vc_column_text css=&#8221;.vc_custom_1592356540075{margin-top: 40px !important;}&#8221;]<\/p>\n<p style=\"text-align: justify;\">La Chambre Officielle de Commerce d\u2019Espagne \u00e0 Tanger a son propre profil officiel sur les r\u00e9seaux sociaux Facebook et LinkedIn, en cr\u00e9ant une plateforme d\u2019\u00e9change d\u2019opinions et de d\u00e9bat constructif entre les membres et les amis de notre institution.<\/p>\n<p style=\"text-align: justify;\">\u00c0 travers notre profil sur les r\u00e9seaux sociaux, nous diffusons du contenu sur des sujets \u00e9conomiques, commerciaux et d\u2019autres questions d\u2019int\u00e9r\u00eat g\u00e9n\u00e9ral. Nous promouvons \u00e9galement le programme d\u2019action et les activit\u00e9s de notre institution, et favorisons ainsi le contact direct avec nos membres afin de prendre en compte leurs besoins et exigences.<\/p>\n<p style=\"text-align: justify;\">Notre objectif est d\u2019\u00e9tablir une communication saine et efficace avec nos membres et amis de la Chambre \u00e0 traves ces canaux, \u00e0 l\u2019aide d\u2019un processus de dialogue constructif et transparent.<\/p>\n<p>[\/vc_column_text][\/vc_column][\/vc_row][vc_row][vc_column width=&#8221;1\/4&#8243;][vc_custom_heading text=&#8221;4. Newsletter &#8221; font_container=&#8221;tag:h4|text_align:center&#8221; use_theme_fonts=&#8221;yes&#8221;]<div class=\"icon_box icon_position_top has_border\"><div class=\"icon_wrapper\"><div class=\"icon\"><i class=\"icon-facebook-squared\" aria-hidden=\"true\"><\/i><\/div><\/div><div class=\"desc_wrapper\"><\/div><\/div>\n[\/vc_column][vc_column width=&#8221;3\/4&#8243;][vc_column_text css=&#8221;.vc_custom_1621423306974{margin-top: 40px !important;}&#8221;]<\/p>\n<p>La newsletter est un bulletin d\u2019information num\u00e9rique hebdomadaire d\u2019int\u00e9r\u00eat pour nos membres, d\u00e9di\u00e9 \u00e0 informer sur les activit\u00e9s d\u00e9velopp\u00e9es par notre Chambre de Commerce, ainsi qu\u2019\u00e0 recueillir une s\u00e9lection des actualit\u00e9s institutionnelles et commerciales les plus pertinentes au Maroc et en Espagne.<\/p>\n<p>La newsletter \u00e0 travers du guide des opportunit\u00e9s constitue \u00e9galement une alternative simple pour les entreprises qui recherchent de l\u2019efficacit\u00e9 dans la promotion de leurs opportunit\u00e9s et offres commerciales.[\/vc_column_text][\/vc_column][\/vc_row]<\/p>\n<\/div>","protected":false},"excerpt":{"rendered":"<p>[vc_row full_width=&#8221;stretch_row&#8221; content_placement=&#8221;middle&#8221; parallax=&#8221;content-moving&#8221; parallax_image=&#8221;1418&#8243; css=&#8221;.vc_custom_1593299277531{padding-top: 10px !important;padding-bottom: 10px !important;}&#8221;][vc_column][vc_custom_heading text=&#8221;Pour accomplir sa mission, la CECIT offre des services professionnels aux entreprises, institutions et particuliers des<span class=\"excerpt-hellip\"> [\u2026]<\/span><\/p>\n","protected":false},"author":1,"featured_media":0,"parent":0,"menu_order":0,"comment_status":"closed","ping_status":"closed","template":"","meta":{"footnotes":""},"class_list":["post-14652","page","type-page","status-publish","hentry"],"yoast_head":"<!-- This site is optimized with the Yoast SEO plugin v26.2 - https:\/\/yoast.com\/wordpress\/plugins\/seo\/ -->\n<title>Espace de communication - CECIT<\/title>\n<meta name=\"robots\" content=\"index, follow, max-snippet:-1, max-image-preview:large, max-video-preview:-1\" \/>\n<link rel=\"canonical\" href=\"https:\/\/cecit.es\/fr\/espace-de-communication\/\" \/>\n<meta property=\"og:locale\" content=\"fr_FR\" \/>\n<meta property=\"og:type\" content=\"article\" \/>\n<meta property=\"og:title\" content=\"Espace de communication - CECIT\" \/>\n<meta property=\"og:description\" content=\"[vc_row full_width=&#8221;stretch_row&#8221; content_placement=&#8221;middle&#8221; parallax=&#8221;content-moving&#8221; parallax_image=&#8221;1418&#8243; css=&#8221;.vc_custom_1593299277531{padding-top: 10px !important;padding-bottom: 10px !important;}&#8221;][vc_column][vc_custom_heading text=&#8221;Pour accomplir sa mission, la CECIT offre des services professionnels aux entreprises, institutions et particuliers des [\u2026]\" \/>\n<meta property=\"og:url\" content=\"https:\/\/cecit.es\/fr\/espace-de-communication\/\" \/>\n<meta property=\"og:site_name\" content=\"CECIT\" \/>\n<meta property=\"article:publisher\" content=\"https:\/\/www.facebook.com\/camaratanger\/\" \/>\n<meta name=\"twitter:card\" content=\"summary_large_image\" \/>\n<meta name=\"twitter:label1\" content=\"Dur\u00e9e de lecture estim\u00e9e\" \/>\n\t<meta name=\"twitter:data1\" content=\"3 minutes\" \/>\n<script type=\"application\/ld+json\" class=\"yoast-schema-graph\">{\"@context\":\"https:\/\/schema.org\",\"@graph\":[{\"@type\":\"WebPage\",\"@id\":\"https:\/\/cecit.es\/fr\/espace-de-communication\/\",\"url\":\"https:\/\/cecit.es\/fr\/espace-de-communication\/\",\"name\":\"Espace de communication - CECIT\",\"isPartOf\":{\"@id\":\"https:\/\/cecit.es\/fr\/#website\"},\"datePublished\":\"2021-12-29T09:44:29+00:00\",\"breadcrumb\":{\"@id\":\"https:\/\/cecit.es\/fr\/espace-de-communication\/#breadcrumb\"},\"inLanguage\":\"fr-FR\",\"potentialAction\":[{\"@type\":\"ReadAction\",\"target\":[\"https:\/\/cecit.es\/fr\/espace-de-communication\/\"]}]},{\"@type\":\"BreadcrumbList\",\"@id\":\"https:\/\/cecit.es\/fr\/espace-de-communication\/#breadcrumb\",\"itemListElement\":[{\"@type\":\"ListItem\",\"position\":1,\"name\":\"Portada\",\"item\":\"https:\/\/cecit.es\/fr\/\"},{\"@type\":\"ListItem\",\"position\":2,\"name\":\"Espace de communication\"}]},{\"@type\":\"WebSite\",\"@id\":\"https:\/\/cecit.es\/fr\/#website\",\"url\":\"https:\/\/cecit.es\/fr\/\",\"name\":\"CECIT\",\"description\":\"Chambre de commerce officielle d&#039;Espagne \u00e0 Tanger\",\"publisher\":{\"@id\":\"https:\/\/cecit.es\/fr\/#organization\"},\"potentialAction\":[{\"@type\":\"SearchAction\",\"target\":{\"@type\":\"EntryPoint\",\"urlTemplate\":\"https:\/\/cecit.es\/fr\/?s={search_term_string}\"},\"query-input\":{\"@type\":\"PropertyValueSpecification\",\"valueRequired\":true,\"valueName\":\"search_term_string\"}}],\"inLanguage\":\"fr-FR\"},{\"@type\":\"Organization\",\"@id\":\"https:\/\/cecit.es\/fr\/#organization\",\"name\":\"C\u00e1mara Oficial de Comercio de Espa\u00f1a en T\u00e1nger\",\"url\":\"https:\/\/cecit.es\/fr\/\",\"logo\":{\"@type\":\"ImageObject\",\"inLanguage\":\"fr-FR\",\"@id\":\"https:\/\/cecit.es\/fr\/#\/schema\/logo\/image\/\",\"url\":\"https:\/\/cecit.es\/wp-content\/uploads\/2021\/11\/cecit.png\",\"contentUrl\":\"https:\/\/cecit.es\/wp-content\/uploads\/2021\/11\/cecit.png\",\"width\":800,\"height\":493,\"caption\":\"C\u00e1mara Oficial de Comercio de Espa\u00f1a en T\u00e1nger\"},\"image\":{\"@id\":\"https:\/\/cecit.es\/fr\/#\/schema\/logo\/image\/\"},\"sameAs\":[\"https:\/\/www.facebook.com\/camaratanger\/\"]}]}<\/script>\n<!-- \/ Yoast SEO plugin. -->","yoast_head_json":{"title":"Espace de communication - CECIT","robots":{"index":"index","follow":"follow","max-snippet":"max-snippet:-1","max-image-preview":"max-image-preview:large","max-video-preview":"max-video-preview:-1"},"canonical":"https:\/\/cecit.es\/fr\/espace-de-communication\/","og_locale":"fr_FR","og_type":"article","og_title":"Espace de communication - CECIT","og_description":"[vc_row full_width=&#8221;stretch_row&#8221; content_placement=&#8221;middle&#8221; parallax=&#8221;content-moving&#8221; parallax_image=&#8221;1418&#8243; css=&#8221;.vc_custom_1593299277531{padding-top: 10px !important;padding-bottom: 10px !important;}&#8221;][vc_column][vc_custom_heading text=&#8221;Pour accomplir sa mission, la CECIT offre des services professionnels aux entreprises, institutions et particuliers des [\u2026]","og_url":"https:\/\/cecit.es\/fr\/espace-de-communication\/","og_site_name":"CECIT","article_publisher":"https:\/\/www.facebook.com\/camaratanger\/","twitter_card":"summary_large_image","twitter_misc":{"Dur\u00e9e de lecture estim\u00e9e":"3 minutes"},"schema":{"@context":"https:\/\/schema.org","@graph":[{"@type":"WebPage","@id":"https:\/\/cecit.es\/fr\/espace-de-communication\/","url":"https:\/\/cecit.es\/fr\/espace-de-communication\/","name":"Espace de communication - CECIT","isPartOf":{"@id":"https:\/\/cecit.es\/fr\/#website"},"datePublished":"2021-12-29T09:44:29+00:00","breadcrumb":{"@id":"https:\/\/cecit.es\/fr\/espace-de-communication\/#breadcrumb"},"inLanguage":"fr-FR","potentialAction":[{"@type":"ReadAction","target":["https:\/\/cecit.es\/fr\/espace-de-communication\/"]}]},{"@type":"BreadcrumbList","@id":"https:\/\/cecit.es\/fr\/espace-de-communication\/#breadcrumb","itemListElement":[{"@type":"ListItem","position":1,"name":"Portada","item":"https:\/\/cecit.es\/fr\/"},{"@type":"ListItem","position":2,"name":"Espace de communication"}]},{"@type":"WebSite","@id":"https:\/\/cecit.es\/fr\/#website","url":"https:\/\/cecit.es\/fr\/","name":"CECIT","description":"Chambre de commerce officielle d&#039;Espagne \u00e0 Tanger","publisher":{"@id":"https:\/\/cecit.es\/fr\/#organization"},"potentialAction":[{"@type":"SearchAction","target":{"@type":"EntryPoint","urlTemplate":"https:\/\/cecit.es\/fr\/?s={search_term_string}"},"query-input":{"@type":"PropertyValueSpecification","valueRequired":true,"valueName":"search_term_string"}}],"inLanguage":"fr-FR"},{"@type":"Organization","@id":"https:\/\/cecit.es\/fr\/#organization","name":"C\u00e1mara Oficial de Comercio de Espa\u00f1a en T\u00e1nger","url":"https:\/\/cecit.es\/fr\/","logo":{"@type":"ImageObject","inLanguage":"fr-FR","@id":"https:\/\/cecit.es\/fr\/#\/schema\/logo\/image\/","url":"https:\/\/cecit.es\/wp-content\/uploads\/2021\/11\/cecit.png","contentUrl":"https:\/\/cecit.es\/wp-content\/uploads\/2021\/11\/cecit.png","width":800,"height":493,"caption":"C\u00e1mara Oficial de Comercio de Espa\u00f1a en T\u00e1nger"},"image":{"@id":"https:\/\/cecit.es\/fr\/#\/schema\/logo\/image\/"},"sameAs":["https:\/\/www.facebook.com\/camaratanger\/"]}]}},"_links":{"self":[{"href":"https:\/\/cecit.es\/fr\/wp-json\/wp\/v2\/pages\/14652","targetHints":{"allow":["GET"]}}],"collection":[{"href":"https:\/\/cecit.es\/fr\/wp-json\/wp\/v2\/pages"}],"about":[{"href":"https:\/\/cecit.es\/fr\/wp-json\/wp\/v2\/types\/page"}],"author":[{"embeddable":true,"href":"https:\/\/cecit.es\/fr\/wp-json\/wp\/v2\/users\/1"}],"replies":[{"embeddable":true,"href":"https:\/\/cecit.es\/fr\/wp-json\/wp\/v2\/comments?post=14652"}],"version-history":[{"count":2,"href":"https:\/\/cecit.es\/fr\/wp-json\/wp\/v2\/pages\/14652\/revisions"}],"predecessor-version":[{"id":14656,"href":"https:\/\/cecit.es\/fr\/wp-json\/wp\/v2\/pages\/14652\/revisions\/14656"}],"wp:attachment":[{"href":"https:\/\/cecit.es\/fr\/wp-json\/wp\/v2\/media?parent=14652"}],"curies":[{"name":"wp","href":"https:\/\/api.w.org\/{rel}","templated":true}]}}

<div class="wpb-content-wrapper"><p>[vc_row full_width=&#8221;stretch_row&#8221; content_placement=&#8221;middle&#8221; parallax=&#8221;content-moving&#8221; parallax_image=&#8221;1418&#8243; css=&#8221;.vc_custom_1593299277531{padding-top: 10px !important;padding-bottom: 10px !important;}&#8221;][vc_column][vc_custom_heading text=&#8221;Pour accomplir sa mission, la CECIT offre des services professionnels aux entreprises, institutions et particuliers des deux côtés du détroit de Gibraltar.&#8221; font_container=&#8221;tag:h2|text_align:center|color:%23ffffff|line_height:2&#8243; use_theme_fonts=&#8221;yes&#8221; css=&#8221;.vc_custom_1594031808363{margin-top: 25px !important;margin-bottom: 50px !important;}&#8221;][/vc_column][/vc_row][vc_row][vc_column width=&#8221;1/4&#8243;][vc_custom_heading text=&#8221;1. Annuaire guide du membre&#8221; font_container=&#8221;tag:h4|text_align:center&#8221; use_theme_fonts=&#8221;yes&#8221;]<div class="icon_box icon_position_top has_border"><div class="icon_wrapper"><div class="icon"><i class="icon-vcard" aria-hidden="true"></i></div></div><div class="desc_wrapper"></div></div>
[/vc_column][vc_column width=&#8221;3/4&#8243;][vc_column_text css=&#8221;.vc_custom_1610537950873{margin-top: 40px !important;}&#8221;]</p>
<p class="p1" style="text-align: justify; line-height: 2.5;">Notre Chambre publie deux fois par an « <strong>l’Annuaire guide du membre</strong> », une publication qui accompagne notre institution dans tous les actes et événements qu’elle organise ou auxquels elle participe. Cette publication présente une liste détaillée de nos membres classés par secteur d’activité et par ordre alphabétique, ainsi qu’une liste d’adresses utiles pour l’Espagne et pour le Maroc.</p>
<p>[/vc_column_text][/vc_column][/vc_row][vc_row][vc_column width=&#8221;1/4&#8243;][vc_custom_heading text=&#8221;2. Site web de la CECIT&#8221; font_container=&#8221;tag:h4|text_align:center&#8221; use_theme_fonts=&#8221;yes&#8221;]<div class="icon_box icon_position_top has_border"><div class="icon_wrapper"><div class="icon"><i class="icon-network" aria-hidden="true"></i></div></div><div class="desc_wrapper"></div></div>
[/vc_column][vc_column width=&#8221;3/4&#8243;][vc_column_text css=&#8221;.vc_custom_1592356533462{margin-top: 40px !important;}&#8221;]</p>
<p class="p1" style="text-align: justify; line-height: 2.5;"><span class="s1">Le site web de la Chambre, <a href="https://cecit.es/?lang=fr">www.cecit.es</a>, développé comme un important outil stratégique pour communiquer, diffuser et renforcer l’image de notre institution, permet la diffusion en temps réel d’informations d’intérêt économique et commercial, de notre gamme de services, ainsi que des activités et des actions réalisées dans le cadre de la promotion des investissements et des relations économiques entre l’Espagne et le Maroc.</span></p>
<p>[/vc_column_text][/vc_column][/vc_row][vc_row][vc_column width=&#8221;1/4&#8243;][vc_custom_heading text=&#8221;3. Réseaux sociaux&#8221; font_container=&#8221;tag:h4|text_align:center&#8221; use_theme_fonts=&#8221;yes&#8221;]<div class="icon_box icon_position_top has_border"><div class="icon_wrapper"><div class="icon"><i class="icon-facebook-squared" aria-hidden="true"></i></div></div><div class="desc_wrapper"></div></div>
[/vc_column][vc_column width=&#8221;3/4&#8243;][vc_column_text css=&#8221;.vc_custom_1592356540075{margin-top: 40px !important;}&#8221;]</p>
<p style="text-align: justify;">La Chambre Officielle de Commerce d’Espagne à Tanger a son propre profil officiel sur les réseaux sociaux Facebook et LinkedIn, en créant une plateforme d’échange d’opinions et de débat constructif entre les membres et les amis de notre institution.</p>
<p style="text-align: justify;">À travers notre profil sur les réseaux sociaux, nous diffusons du contenu sur des sujets économiques, commerciaux et d’autres questions d’intérêt général. Nous promouvons également le programme d’action et les activités de notre institution, et favorisons ainsi le contact direct avec nos membres afin de prendre en compte leurs besoins et exigences.</p>
<p style="text-align: justify;">Notre objectif est d’établir une communication saine et efficace avec nos membres et amis de la Chambre à traves ces canaux, à l’aide d’un processus de dialogue constructif et transparent.</p>
<p>[/vc_column_text][/vc_column][/vc_row][vc_row][vc_column width=&#8221;1/4&#8243;][vc_custom_heading text=&#8221;4. Newsletter &#8221; font_container=&#8221;tag:h4|text_align:center&#8221; use_theme_fonts=&#8221;yes&#8221;]<div class="icon_box icon_position_top has_border"><div class="icon_wrapper"><div class="icon"><i class="icon-facebook-squared" aria-hidden="true"></i></div></div><div class="desc_wrapper"></div></div>
[/vc_column][vc_column width=&#8221;3/4&#8243;][vc_column_text css=&#8221;.vc_custom_1621423306974{margin-top: 40px !important;}&#8221;]</p>
<p>La newsletter est un bulletin d’information numérique hebdomadaire d’intérêt pour nos membres, dédié à informer sur les activités développées par notre Chambre de Commerce, ainsi qu’à recueillir une sélection des actualités institutionnelles et commerciales les plus pertinentes au Maroc et en Espagne.</p>
<p>La newsletter à travers du guide des opportunités constitue également une alternative simple pour les entreprises qui recherchent de l’efficacité dans la promotion de leurs opportunités et offres commerciales.[/vc_column_text][/vc_column][/vc_row]</p>
</div>

<!-- This site is optimized with the Yoast SEO plugin v26.2 - https://yoast.com/wordpress/plugins/seo/ -->
<title>Espace de communication - CECIT</title>
<meta name="robots" content="index, follow, max-snippet:-1, max-image-preview:large, max-video-preview:-1" />
<link rel="canonical" href="https://cecit.es/fr/espace-de-communication/" />
<meta property="og:locale" content="fr_FR" />
<meta property="og:type" content="article" />
<meta property="og:title" content="Espace de communication - CECIT" />
<meta property="og:description" content="[vc_row full_width=&#8221;stretch_row&#8221; content_placement=&#8221;middle&#8221; parallax=&#8221;content-moving&#8221; parallax_image=&#8221;1418&#8243; css=&#8221;.vc_custom_1593299277531{padding-top: 10px !important;padding-bottom: 10px !important;}&#8221;][vc_column][vc_custom_heading text=&#8221;Pour accomplir sa mission, la CECIT offre des services professionnels aux entreprises, institutions et particuliers des […]" />
<meta property="og:url" content="https://cecit.es/fr/espace-de-communication/" />
<meta property="og:site_name" content="CECIT" />
<meta property="article:publisher" content="https://www.facebook.com/camaratanger/" />
<meta name="twitter:card" content="summary_large_image" />
<meta name="twitter:label1" content="Durée de lecture estimée" />
	<meta name="twitter:data1" content="3 minutes" />
<script type="application/ld+json" class="yoast-schema-graph">{"@context":"https://schema.org","@graph":[{"@type":"WebPage","@id":"https://cecit.es/fr/espace-de-communication/","url":"https://cecit.es/fr/espace-de-communication/","name":"Espace de communication - CECIT","isPartOf":{"@id":"https://cecit.es/fr/#website"},"datePublished":"2021-12-29T09:44:29+00:00","breadcrumb":{"@id":"https://cecit.es/fr/espace-de-communication/#breadcrumb"},"inLanguage":"fr-FR","potentialAction":[{"@type":"ReadAction","target":["https://cecit.es/fr/espace-de-communication/"]}]},{"@type":"BreadcrumbList","@id":"https://cecit.es/fr/espace-de-communication/#breadcrumb","itemListElement":[{"@type":"ListItem","position":1,"name":"Portada","item":"https://cecit.es/fr/"},{"@type":"ListItem","position":2,"name":"Espace de communication"}]},{"@type":"WebSite","@id":"https://cecit.es/fr/#website","url":"https://cecit.es/fr/","name":"CECIT","description":"Chambre de commerce officielle d&#039;Espagne à Tanger","publisher":{"@id":"https://cecit.es/fr/#organization"},"potentialAction":[{"@type":"SearchAction","target":{"@type":"EntryPoint","urlTemplate":"https://cecit.es/fr/?s={search_term_string}"},"query-input":{"@type":"PropertyValueSpecification","valueRequired":true,"valueName":"search_term_string"}}],"inLanguage":"fr-FR"},{"@type":"Organization","@id":"https://cecit.es/fr/#organization","name":"Cámara Oficial de Comercio de España en Tánger","url":"https://cecit.es/fr/","logo":{"@type":"ImageObject","inLanguage":"fr-FR","@id":"https://cecit.es/fr/#/schema/logo/image/","url":"https://cecit.es/wp-content/uploads/2021/11/cecit.png","contentUrl":"https://cecit.es/wp-content/uploads/2021/11/cecit.png","width":800,"height":493,"caption":"Cámara Oficial de Comercio de España en Tánger"},"image":{"@id":"https://cecit.es/fr/#/schema/logo/image/"},"sameAs":["https://www.facebook.com/camaratanger/"]}]}</script>
<!-- / Yoast SEO plugin. -->

Chambre de commerce officielle d&#039;Espagne à Tanger

Cámara Oficial de Comercio de España en Tánger
