{"id":14511,"date":"2021-12-24T08:27:47","date_gmt":"2021-12-24T07:27:47","guid":{"rendered":"https:\/\/cecit.es\/mission-et-objectifs\/"},"modified":"2021-12-29T10:21:00","modified_gmt":"2021-12-29T09:21:00","slug":"mission-et-objectifs","status":"publish","type":"page","link":"https:\/\/cecit.es\/fr\/mission-et-objectifs\/","title":{"rendered":"Mission et objectifs"},"content":{"rendered":"<div class=\"wpb-content-wrapper\"><p>[vc_row css=&#8221;.vc_custom_1592185635327{margin-top: 40px !important;margin-bottom: 30px !important;}&#8221;][vc_column][vc_column_text]<\/p>\n<p class=\"vc_custom_heading vc_custom_1581418023631\" style=\"text-align: center;\"><strong>Au service des entreprises espagnoles et marocaines depuis 1886<\/strong><\/p>\n<h3 style=\"text-align: center;\">ENSEMBLE, NOUS CR\u00c9ONS L\u2019AVENIR<\/h3>\n<p>[\/vc_column_text][vc_raw_html el_class=&#8221;cadre_video&#8221;]PHZpZGVvIHNyYz0iaHR0cHM6Ly9jZWNpdC5lcy93cC1jb250ZW50L3VwbG9hZHMvMjAyMC8wNi9jZWNpdF92aWRlby5tcDQiIHdpZHRoPTY0MSBoZWlnaHQ9MzU4IGNvbnRyb2xzIHBvc3Rlcj0iaHR0cHM6Ly9jZWNpdC5lcy93cC1jb250ZW50L3VwbG9hZHMvMjAyMC8wOS9pbWFnZV92aWRlby5wbmciPg0KICBDZXR0ZSB2aWTDqW8gbmUgcGV1dCDDqnRyZSBhZmZpY2jDqWUgc3VyIHZvdHJlIG5hdmlnYXRldXIgSW50ZXJuZXQuPGJyPg0KICBVbmUgdmVyc2lvbiBlc3QgZGlzcG9uaWJsZSBlbiB0w6lsw6ljaGFyZ2VtZW50IHNvdXMgPGEgaHJlZj0iVVJMIj5hZHJlc3NlIGR1IGxpZW4gPC9hPiAuIA0KPC92aWRlbz4=[\/vc_raw_html][\/vc_column][\/vc_row]<\/p>\n<\/div>","protected":false},"excerpt":{"rendered":"<p>[vc_row css=&#8221;.vc_custom_1592185635327{margin-top: 40px !important;margin-bottom: 30px !important;}&#8221;][vc_column][vc_column_text] Au service des entreprises espagnoles et marocaines depuis 1886 ENSEMBLE, NOUS CR\u00c9ONS L\u2019AVENIR [\/vc_column_text][vc_raw_html el_class=&#8221;cadre_video&#8221;]PHZpZGVvIHNyYz0iaHR0cHM6Ly9jZWNpdC5lcy93cC1jb250ZW50L3VwbG9hZHMvMjAyMC8wNi9jZWNpdF92aWRlby5tcDQiIHdpZHRoPTY0MSBoZWlnaHQ9MzU4IGNvbnRyb2xzIHBvc3Rlcj0iaHR0cHM6Ly9jZWNpdC5lcy93cC1jb250ZW50L3VwbG9hZHMvMjAyMC8wOS9pbWFnZV92aWRlby5wbmciPg0KICBDZXR0ZSB2aWTDqW8gbmUgcGV1dCDDqnRyZSBhZmZpY2jDqWUgc3VyIHZvdHJlIG5hdmlnYXRldXIgSW50ZXJuZXQuPGJyPg0KICBVbmUgdmVyc2lvbiBlc3QgZGlzcG9uaWJsZSBlbiB0w6lsw6ljaGFyZ2VtZW50IHNvdXMgPGEgaHJlZj0iVVJMIj5hZHJlc3NlIGR1IGxpZW4gPC9hPiAuIA0KPC92aWRlbz4=[\/vc_raw_html][\/vc_column][\/vc_row]<\/p>\n","protected":false},"author":1,"featured_media":0,"parent":0,"menu_order":0,"comment_status":"closed","ping_status":"closed","template":"","meta":{"footnotes":""},"class_list":["post-14511","page","type-page","status-publish","hentry"],"yoast_head":"<!-- This site is optimized with the Yoast SEO plugin v26.2 - https:\/\/yoast.com\/wordpress\/plugins\/seo\/ -->\n<title>Mission et objectifs - CECIT<\/title>\n<meta name=\"robots\" content=\"index, follow, max-snippet:-1, max-image-preview:large, max-video-preview:-1\" \/>\n<link rel=\"canonical\" href=\"https:\/\/cecit.es\/fr\/mission-et-objectifs\/\" \/>\n<meta property=\"og:locale\" content=\"fr_FR\" \/>\n<meta property=\"og:type\" content=\"article\" \/>\n<meta property=\"og:title\" content=\"Mission et objectifs - CECIT\" \/>\n<meta property=\"og:description\" content=\"[vc_row css=&#8221;.vc_custom_1592185635327{margin-top: 40px !important;margin-bottom: 30px !important;}&#8221;][vc_column][vc_column_text] Au service des entreprises espagnoles et marocaines depuis 1886 ENSEMBLE, NOUS CR\u00c9ONS L\u2019AVENIR [\/vc_column_text][vc_raw_html el_class=&#8221;cadre_video&#8221;]PHZpZGVvIHNyYz0iaHR0cHM6Ly9jZWNpdC5lcy93cC1jb250ZW50L3VwbG9hZHMvMjAyMC8wNi9jZWNpdF92aWRlby5tcDQiIHdpZHRoPTY0MSBoZWlnaHQ9MzU4IGNvbnRyb2xzIHBvc3Rlcj0iaHR0cHM6Ly9jZWNpdC5lcy93cC1jb250ZW50L3VwbG9hZHMvMjAyMC8wOS9pbWFnZV92aWRlby5wbmciPg0KICBDZXR0ZSB2aWTDqW8gbmUgcGV1dCDDqnRyZSBhZmZpY2jDqWUgc3VyIHZvdHJlIG5hdmlnYXRldXIgSW50ZXJuZXQuPGJyPg0KICBVbmUgdmVyc2lvbiBlc3QgZGlzcG9uaWJsZSBlbiB0w6lsw6ljaGFyZ2VtZW50IHNvdXMgPGEgaHJlZj0iVVJMIj5hZHJlc3NlIGR1IGxpZW4gPC9hPiAuIA0KPC92aWRlbz4=[\/vc_raw_html][\/vc_column][\/vc_row]\" \/>\n<meta property=\"og:url\" content=\"https:\/\/cecit.es\/fr\/mission-et-objectifs\/\" \/>\n<meta property=\"og:site_name\" content=\"CECIT\" \/>\n<meta property=\"article:publisher\" content=\"https:\/\/www.facebook.com\/camaratanger\/\" \/>\n<meta property=\"article:modified_time\" content=\"2021-12-29T09:21:00+00:00\" \/>\n<meta name=\"twitter:card\" content=\"summary_large_image\" \/>\n<meta name=\"twitter:label1\" content=\"Dur\u00e9e de lecture estim\u00e9e\" \/>\n\t<meta name=\"twitter:data1\" content=\"1 minute\" \/>\n<script type=\"application\/ld+json\" class=\"yoast-schema-graph\">{\"@context\":\"https:\/\/schema.org\",\"@graph\":[{\"@type\":\"WebPage\",\"@id\":\"https:\/\/cecit.es\/fr\/mission-et-objectifs\/\",\"url\":\"https:\/\/cecit.es\/fr\/mission-et-objectifs\/\",\"name\":\"Mission et objectifs - CECIT\",\"isPartOf\":{\"@id\":\"https:\/\/cecit.es\/fr\/#website\"},\"datePublished\":\"2021-12-24T07:27:47+00:00\",\"dateModified\":\"2021-12-29T09:21:00+00:00\",\"breadcrumb\":{\"@id\":\"https:\/\/cecit.es\/fr\/mission-et-objectifs\/#breadcrumb\"},\"inLanguage\":\"fr-FR\",\"potentialAction\":[{\"@type\":\"ReadAction\",\"target\":[\"https:\/\/cecit.es\/fr\/mission-et-objectifs\/\"]}]},{\"@type\":\"BreadcrumbList\",\"@id\":\"https:\/\/cecit.es\/fr\/mission-et-objectifs\/#breadcrumb\",\"itemListElement\":[{\"@type\":\"ListItem\",\"position\":1,\"name\":\"Portada\",\"item\":\"https:\/\/cecit.es\/fr\/\"},{\"@type\":\"ListItem\",\"position\":2,\"name\":\"Mission et objectifs\"}]},{\"@type\":\"WebSite\",\"@id\":\"https:\/\/cecit.es\/fr\/#website\",\"url\":\"https:\/\/cecit.es\/fr\/\",\"name\":\"CECIT\",\"description\":\"Chambre de commerce officielle d&#039;Espagne \u00e0 Tanger\",\"publisher\":{\"@id\":\"https:\/\/cecit.es\/fr\/#organization\"},\"potentialAction\":[{\"@type\":\"SearchAction\",\"target\":{\"@type\":\"EntryPoint\",\"urlTemplate\":\"https:\/\/cecit.es\/fr\/?s={search_term_string}\"},\"query-input\":{\"@type\":\"PropertyValueSpecification\",\"valueRequired\":true,\"valueName\":\"search_term_string\"}}],\"inLanguage\":\"fr-FR\"},{\"@type\":\"Organization\",\"@id\":\"https:\/\/cecit.es\/fr\/#organization\",\"name\":\"C\u00e1mara Oficial de Comercio de Espa\u00f1a en T\u00e1nger\",\"url\":\"https:\/\/cecit.es\/fr\/\",\"logo\":{\"@type\":\"ImageObject\",\"inLanguage\":\"fr-FR\",\"@id\":\"https:\/\/cecit.es\/fr\/#\/schema\/logo\/image\/\",\"url\":\"https:\/\/cecit.es\/wp-content\/uploads\/2021\/11\/cecit.png\",\"contentUrl\":\"https:\/\/cecit.es\/wp-content\/uploads\/2021\/11\/cecit.png\",\"width\":800,\"height\":493,\"caption\":\"C\u00e1mara Oficial de Comercio de Espa\u00f1a en T\u00e1nger\"},\"image\":{\"@id\":\"https:\/\/cecit.es\/fr\/#\/schema\/logo\/image\/\"},\"sameAs\":[\"https:\/\/www.facebook.com\/camaratanger\/\"]}]}<\/script>\n<!-- \/ Yoast SEO plugin. -->","yoast_head_json":{"title":"Mission et objectifs - CECIT","robots":{"index":"index","follow":"follow","max-snippet":"max-snippet:-1","max-image-preview":"max-image-preview:large","max-video-preview":"max-video-preview:-1"},"canonical":"https:\/\/cecit.es\/fr\/mission-et-objectifs\/","og_locale":"fr_FR","og_type":"article","og_title":"Mission et objectifs - CECIT","og_description":"[vc_row css=&#8221;.vc_custom_1592185635327{margin-top: 40px !important;margin-bottom: 30px !important;}&#8221;][vc_column][vc_column_text] Au service des entreprises espagnoles et marocaines depuis 1886 ENSEMBLE, NOUS CR\u00c9ONS L\u2019AVENIR [\/vc_column_text][vc_raw_html el_class=&#8221;cadre_video&#8221;]PHZpZGVvIHNyYz0iaHR0cHM6Ly9jZWNpdC5lcy93cC1jb250ZW50L3VwbG9hZHMvMjAyMC8wNi9jZWNpdF92aWRlby5tcDQiIHdpZHRoPTY0MSBoZWlnaHQ9MzU4IGNvbnRyb2xzIHBvc3Rlcj0iaHR0cHM6Ly9jZWNpdC5lcy93cC1jb250ZW50L3VwbG9hZHMvMjAyMC8wOS9pbWFnZV92aWRlby5wbmciPg0KICBDZXR0ZSB2aWTDqW8gbmUgcGV1dCDDqnRyZSBhZmZpY2jDqWUgc3VyIHZvdHJlIG5hdmlnYXRldXIgSW50ZXJuZXQuPGJyPg0KICBVbmUgdmVyc2lvbiBlc3QgZGlzcG9uaWJsZSBlbiB0w6lsw6ljaGFyZ2VtZW50IHNvdXMgPGEgaHJlZj0iVVJMIj5hZHJlc3NlIGR1IGxpZW4gPC9hPiAuIA0KPC92aWRlbz4=[\/vc_raw_html][\/vc_column][\/vc_row]","og_url":"https:\/\/cecit.es\/fr\/mission-et-objectifs\/","og_site_name":"CECIT","article_publisher":"https:\/\/www.facebook.com\/camaratanger\/","article_modified_time":"2021-12-29T09:21:00+00:00","twitter_card":"summary_large_image","twitter_misc":{"Dur\u00e9e de lecture estim\u00e9e":"1 minute"},"schema":{"@context":"https:\/\/schema.org","@graph":[{"@type":"WebPage","@id":"https:\/\/cecit.es\/fr\/mission-et-objectifs\/","url":"https:\/\/cecit.es\/fr\/mission-et-objectifs\/","name":"Mission et objectifs - CECIT","isPartOf":{"@id":"https:\/\/cecit.es\/fr\/#website"},"datePublished":"2021-12-24T07:27:47+00:00","dateModified":"2021-12-29T09:21:00+00:00","breadcrumb":{"@id":"https:\/\/cecit.es\/fr\/mission-et-objectifs\/#breadcrumb"},"inLanguage":"fr-FR","potentialAction":[{"@type":"ReadAction","target":["https:\/\/cecit.es\/fr\/mission-et-objectifs\/"]}]},{"@type":"BreadcrumbList","@id":"https:\/\/cecit.es\/fr\/mission-et-objectifs\/#breadcrumb","itemListElement":[{"@type":"ListItem","position":1,"name":"Portada","item":"https:\/\/cecit.es\/fr\/"},{"@type":"ListItem","position":2,"name":"Mission et objectifs"}]},{"@type":"WebSite","@id":"https:\/\/cecit.es\/fr\/#website","url":"https:\/\/cecit.es\/fr\/","name":"CECIT","description":"Chambre de commerce officielle d&#039;Espagne \u00e0 Tanger","publisher":{"@id":"https:\/\/cecit.es\/fr\/#organization"},"potentialAction":[{"@type":"SearchAction","target":{"@type":"EntryPoint","urlTemplate":"https:\/\/cecit.es\/fr\/?s={search_term_string}"},"query-input":{"@type":"PropertyValueSpecification","valueRequired":true,"valueName":"search_term_string"}}],"inLanguage":"fr-FR"},{"@type":"Organization","@id":"https:\/\/cecit.es\/fr\/#organization","name":"C\u00e1mara Oficial de Comercio de Espa\u00f1a en T\u00e1nger","url":"https:\/\/cecit.es\/fr\/","logo":{"@type":"ImageObject","inLanguage":"fr-FR","@id":"https:\/\/cecit.es\/fr\/#\/schema\/logo\/image\/","url":"https:\/\/cecit.es\/wp-content\/uploads\/2021\/11\/cecit.png","contentUrl":"https:\/\/cecit.es\/wp-content\/uploads\/2021\/11\/cecit.png","width":800,"height":493,"caption":"C\u00e1mara Oficial de Comercio de Espa\u00f1a en T\u00e1nger"},"image":{"@id":"https:\/\/cecit.es\/fr\/#\/schema\/logo\/image\/"},"sameAs":["https:\/\/www.facebook.com\/camaratanger\/"]}]}},"_links":{"self":[{"href":"https:\/\/cecit.es\/fr\/wp-json\/wp\/v2\/pages\/14511","targetHints":{"allow":["GET"]}}],"collection":[{"href":"https:\/\/cecit.es\/fr\/wp-json\/wp\/v2\/pages"}],"about":[{"href":"https:\/\/cecit.es\/fr\/wp-json\/wp\/v2\/types\/page"}],"author":[{"embeddable":true,"href":"https:\/\/cecit.es\/fr\/wp-json\/wp\/v2\/users\/1"}],"replies":[{"embeddable":true,"href":"https:\/\/cecit.es\/fr\/wp-json\/wp\/v2\/comments?post=14511"}],"version-history":[{"count":5,"href":"https:\/\/cecit.es\/fr\/wp-json\/wp\/v2\/pages\/14511\/revisions"}],"predecessor-version":[{"id":14630,"href":"https:\/\/cecit.es\/fr\/wp-json\/wp\/v2\/pages\/14511\/revisions\/14630"}],"wp:attachment":[{"href":"https:\/\/cecit.es\/fr\/wp-json\/wp\/v2\/media?parent=14511"}],"curies":[{"name":"wp","href":"https:\/\/api.w.org\/{rel}","templated":true}]}}

<div class="wpb-content-wrapper"><p>[vc_row css=&#8221;.vc_custom_1592185635327{margin-top: 40px !important;margin-bottom: 30px !important;}&#8221;][vc_column][vc_column_text]</p>
<p class="vc_custom_heading vc_custom_1581418023631" style="text-align: center;"><strong>Au service des entreprises espagnoles et marocaines depuis 1886</strong></p>
<h3 style="text-align: center;">ENSEMBLE, NOUS CRÉONS L’AVENIR</h3>
<p>[/vc_column_text][vc_raw_html el_class=&#8221;cadre_video&#8221;]PHZpZGVvIHNyYz0iaHR0cHM6Ly9jZWNpdC5lcy93cC1jb250ZW50L3VwbG9hZHMvMjAyMC8wNi9jZWNpdF92aWRlby5tcDQiIHdpZHRoPTY0MSBoZWlnaHQ9MzU4IGNvbnRyb2xzIHBvc3Rlcj0iaHR0cHM6Ly9jZWNpdC5lcy93cC1jb250ZW50L3VwbG9hZHMvMjAyMC8wOS9pbWFnZV92aWRlby5wbmciPg0KICBDZXR0ZSB2aWTDqW8gbmUgcGV1dCDDqnRyZSBhZmZpY2jDqWUgc3VyIHZvdHJlIG5hdmlnYXRldXIgSW50ZXJuZXQuPGJyPg0KICBVbmUgdmVyc2lvbiBlc3QgZGlzcG9uaWJsZSBlbiB0w6lsw6ljaGFyZ2VtZW50IHNvdXMgPGEgaHJlZj0iVVJMIj5hZHJlc3NlIGR1IGxpZW4gPC9hPiAuIA0KPC92aWRlbz4=[/vc_raw_html][/vc_column][/vc_row]</p>
</div>

<p>[vc_row css=&#8221;.vc_custom_1592185635327{margin-top: 40px !important;margin-bottom: 30px !important;}&#8221;][vc_column][vc_column_text] Au service des entreprises espagnoles et marocaines depuis 1886 ENSEMBLE, NOUS CRÉONS L’AVENIR [/vc_column_text][vc_raw_html el_class=&#8221;cadre_video&#8221;]PHZpZGVvIHNyYz0iaHR0cHM6Ly9jZWNpdC5lcy93cC1jb250ZW50L3VwbG9hZHMvMjAyMC8wNi9jZWNpdF92aWRlby5tcDQiIHdpZHRoPTY0MSBoZWlnaHQ9MzU4IGNvbnRyb2xzIHBvc3Rlcj0iaHR0cHM6Ly9jZWNpdC5lcy93cC1jb250ZW50L3VwbG9hZHMvMjAyMC8wOS9pbWFnZV92aWRlby5wbmciPg0KICBDZXR0ZSB2aWTDqW8gbmUgcGV1dCDDqnRyZSBhZmZpY2jDqWUgc3VyIHZvdHJlIG5hdmlnYXRldXIgSW50ZXJuZXQuPGJyPg0KICBVbmUgdmVyc2lvbiBlc3QgZGlzcG9uaWJsZSBlbiB0w6lsw6ljaGFyZ2VtZW50IHNvdXMgPGEgaHJlZj0iVVJMIj5hZHJlc3NlIGR1IGxpZW4gPC9hPiAuIA0KPC92aWRlbz4=[/vc_raw_html][/vc_column][/vc_row]</p>

<!-- This site is optimized with the Yoast SEO plugin v26.2 - https://yoast.com/wordpress/plugins/seo/ -->
<title>Mission et objectifs - CECIT</title>
<meta name="robots" content="index, follow, max-snippet:-1, max-image-preview:large, max-video-preview:-1" />
<link rel="canonical" href="https://cecit.es/fr/mission-et-objectifs/" />
<meta property="og:locale" content="fr_FR" />
<meta property="og:type" content="article" />
<meta property="og:title" content="Mission et objectifs - CECIT" />
<meta property="og:description" content="[vc_row css=&#8221;.vc_custom_1592185635327{margin-top: 40px !important;margin-bottom: 30px !important;}&#8221;][vc_column][vc_column_text] Au service des entreprises espagnoles et marocaines depuis 1886 ENSEMBLE, NOUS CRÉONS L’AVENIR [/vc_column_text][vc_raw_html el_class=&#8221;cadre_video&#8221;]PHZpZGVvIHNyYz0iaHR0cHM6Ly9jZWNpdC5lcy93cC1jb250ZW50L3VwbG9hZHMvMjAyMC8wNi9jZWNpdF92aWRlby5tcDQiIHdpZHRoPTY0MSBoZWlnaHQ9MzU4IGNvbnRyb2xzIHBvc3Rlcj0iaHR0cHM6Ly9jZWNpdC5lcy93cC1jb250ZW50L3VwbG9hZHMvMjAyMC8wOS9pbWFnZV92aWRlby5wbmciPg0KICBDZXR0ZSB2aWTDqW8gbmUgcGV1dCDDqnRyZSBhZmZpY2jDqWUgc3VyIHZvdHJlIG5hdmlnYXRldXIgSW50ZXJuZXQuPGJyPg0KICBVbmUgdmVyc2lvbiBlc3QgZGlzcG9uaWJsZSBlbiB0w6lsw6ljaGFyZ2VtZW50IHNvdXMgPGEgaHJlZj0iVVJMIj5hZHJlc3NlIGR1IGxpZW4gPC9hPiAuIA0KPC92aWRlbz4=[/vc_raw_html][/vc_column][/vc_row]" />
<meta property="og:url" content="https://cecit.es/fr/mission-et-objectifs/" />
<meta property="og:site_name" content="CECIT" />
<meta property="article:publisher" content="https://www.facebook.com/camaratanger/" />
<meta property="article:modified_time" content="2021-12-29T09:21:00+00:00" />
<meta name="twitter:card" content="summary_large_image" />
<meta name="twitter:label1" content="Durée de lecture estimée" />
	<meta name="twitter:data1" content="1 minute" />
<script type="application/ld+json" class="yoast-schema-graph">{"@context":"https://schema.org","@graph":[{"@type":"WebPage","@id":"https://cecit.es/fr/mission-et-objectifs/","url":"https://cecit.es/fr/mission-et-objectifs/","name":"Mission et objectifs - CECIT","isPartOf":{"@id":"https://cecit.es/fr/#website"},"datePublished":"2021-12-24T07:27:47+00:00","dateModified":"2021-12-29T09:21:00+00:00","breadcrumb":{"@id":"https://cecit.es/fr/mission-et-objectifs/#breadcrumb"},"inLanguage":"fr-FR","potentialAction":[{"@type":"ReadAction","target":["https://cecit.es/fr/mission-et-objectifs/"]}]},{"@type":"BreadcrumbList","@id":"https://cecit.es/fr/mission-et-objectifs/#breadcrumb","itemListElement":[{"@type":"ListItem","position":1,"name":"Portada","item":"https://cecit.es/fr/"},{"@type":"ListItem","position":2,"name":"Mission et objectifs"}]},{"@type":"WebSite","@id":"https://cecit.es/fr/#website","url":"https://cecit.es/fr/","name":"CECIT","description":"Chambre de commerce officielle d&#039;Espagne à Tanger","publisher":{"@id":"https://cecit.es/fr/#organization"},"potentialAction":[{"@type":"SearchAction","target":{"@type":"EntryPoint","urlTemplate":"https://cecit.es/fr/?s={search_term_string}"},"query-input":{"@type":"PropertyValueSpecification","valueRequired":true,"valueName":"search_term_string"}}],"inLanguage":"fr-FR"},{"@type":"Organization","@id":"https://cecit.es/fr/#organization","name":"Cámara Oficial de Comercio de España en Tánger","url":"https://cecit.es/fr/","logo":{"@type":"ImageObject","inLanguage":"fr-FR","@id":"https://cecit.es/fr/#/schema/logo/image/","url":"https://cecit.es/wp-content/uploads/2021/11/cecit.png","contentUrl":"https://cecit.es/wp-content/uploads/2021/11/cecit.png","width":800,"height":493,"caption":"Cámara Oficial de Comercio de España en Tánger"},"image":{"@id":"https://cecit.es/fr/#/schema/logo/image/"},"sameAs":["https://www.facebook.com/camaratanger/"]}]}</script>
<!-- / Yoast SEO plugin. -->

[vc_row css=&#8221;.vc_custom_1592185635327{margin-top: 40px !important;margin-bottom: 30px !important;}&#8221;][vc_column][vc_column_text] Au service des entreprises espagnoles et marocaines depuis 1886 ENSEMBLE, NOUS CRÉONS L’AVENIR [/vc_column_text][vc_raw_html el_class=&#8221;cadre_video&#8221;]PHZpZGVvIHNyYz0iaHR0cHM6Ly9jZWNpdC5lcy93cC1jb250ZW50L3VwbG9hZHMvMjAyMC8wNi9jZWNpdF92aWRlby5tcDQiIHdpZHRoPTY0MSBoZWlnaHQ9MzU4IGNvbnRyb2xzIHBvc3Rlcj0iaHR0cHM6Ly9jZWNpdC5lcy93cC1jb250ZW50L3VwbG9hZHMvMjAyMC8wOS9pbWFnZV92aWRlby5wbmciPg0KICBDZXR0ZSB2aWTDqW8gbmUgcGV1dCDDqnRyZSBhZmZpY2jDqWUgc3VyIHZvdHJlIG5hdmlnYXRldXIgSW50ZXJuZXQuPGJyPg0KICBVbmUgdmVyc2lvbiBlc3QgZGlzcG9uaWJsZSBlbiB0w6lsw6ljaGFyZ2VtZW50IHNvdXMgPGEgaHJlZj0iVVJMIj5hZHJlc3NlIGR1IGxpZW4gPC9hPiAuIA0KPC92aWRlbz4=[/vc_raw_html][/vc_column][/vc_row]

Chambre de commerce officielle d&#039;Espagne à Tanger

Cámara Oficial de Comercio de España en Tánger
